{"id":952,"date":"2018-03-07T18:42:01","date_gmt":"2018-03-07T18:42:01","guid":{"rendered":"http:\/\/www.hecultura.com\/primerafuncion\/?page_id=952"},"modified":"2023-06-13T15:06:14","modified_gmt":"2023-06-13T15:06:14","slug":"el-site","status":"publish","type":"page","link":"https:\/\/www.lacasaclaypole.org.ar\/primerafuncion\/el-site\/","title":{"rendered":"El Site"},"content":{"rendered":"<p>[et_pb_section fb_built=\u00bb1&#8243; background_color=\u00bb#383838&#8243; admin_label=\u00bbsection\u00bb custom_padding_last_edited=\u00bbon|desktop\u00bb _builder_version=\u00bb3.0.47&#8243; custom_padding_tablet=\u00bb50px|0|50px|0&#8243; transparent_background=\u00bboff\u00bb padding_mobile=\u00bboff\u00bb][et_pb_row admin_label=\u00bbrow\u00bb _builder_version=\u00bb3.0.47&#8243; background_size=\u00bbinitial\u00bb background_position=\u00bbtop_left\u00bb background_repeat=\u00bbrepeat\u00bb][et_pb_column type=\u00bb1_3&#8243; _builder_version=\u00bb3.0.47&#8243; parallax=\u00bboff\u00bb parallax_method=\u00bbon\u00bb][et_pb_gallery gallery_ids=\u00bb889,888,886,885,884&#8243; gallery_captions=\u00bb,,,,\u00bb fullwidth=\u00bbon\u00bb _builder_version=\u00bb3.0.105&#8243; auto=\u00bbon\u00bb use_border_color=\u00bboff\u00bb border_color=\u00bb#ffffff\u00bb border_style=\u00bbsolid\u00bb][\/et_pb_gallery][\/et_pb_column][et_pb_column type=\u00bb2_3&#8243; _builder_version=\u00bb3.0.47&#8243; parallax=\u00bboff\u00bb parallax_method=\u00bbon\u00bb][et_pb_text background_layout=\u00bbdark\u00bb _builder_version=\u00bb3.0.105&#8243; text_font=\u00bbArial||||\u00bb text_line_height=\u00bb1.5em\u00bb background_size=\u00bbinitial\u00bb background_position=\u00bbtop_left\u00bb background_repeat=\u00bbrepeat\u00bb text_orientation=\u00bbjustified\u00bb use_border_color=\u00bboff\u00bb]<\/p>\n<p>Como vecinos entendemos la escuela como uno de los lugares de socializaci\u00f3n por excelencia y base fundamental de la generaci\u00f3n de capital social sustentable para la comunidad, entendida aqu\u00ed como barrio. Cuanto m\u00e1s podamos fortalecer el trabajo local y los lazos con las instituciones en el \u00e1mbito de la cultura y la educaci\u00f3n, fomentando la iniciativa, la imaginaci\u00f3n y la creatividad, m\u00e1s posibilidades tenemos como sociedad de lograr un desarrollo humano genuino y sostenible en el tiempo.<br \/> Nuestro prop\u00f3sito es trabajar juntos, docentes, estudiantes y padres, en fin, vecinos de una comunidad \u00fanica, con el objetivo de proponer transformaciones interactuando, reconociendo y respetando el otro.<br \/> MI PRIMERA FUNCI\u00d3N pretende buscar esos cambios a partir de experimentar las distintas manifestaciones art\u00edsticas en una sala de teatro para que, adem\u00e1s de disfrutar de un bien cultural, sean el disparador de descubrimientos y reflexiones comunes sobre temas que no siempre est\u00e1n expl\u00edcitamente presentes en los contenidos curriculares, pero que est\u00e1n dram\u00e1ticamente vigentes en el cotidiano de nuestro entorno: diversidad cultural, pueblos originarios, cuestiones de g\u00e9nero, inequidad, ciudadan\u00eda y muchos otros aspectos diarios que tratan de ser explorados a partir de las propuestas presentadas en esta p\u00e1gina.<br \/> El site se desarroll\u00f3 como complemento a la propuesta pedag\u00f3gica del proyecto <a href=\"http:\/\/www.lacasaclaypole.org.ar\/murales\" target=\"_blank\" rel=\"noopener\">CIUDAD MURAL \u2013 Museo a Cielo abierto<\/a>. El material ofrecido, obviamente, est\u00e1 muy lejos de agotar las posibles estrategias y actividades did\u00e1cticas para las \u00e1reas de trabajo en el aula y, de hecho, es otro el objetivo. Apenas se presentan como un disparador y potenciador de las actividades docentes y la curiosidad de los estudiantes. Justamente este ambiente virtual debe ser construido entre todos, acumulando la experiencia com\u00fan y enriqueci\u00e9ndola a partir de sumar otras pr\u00e1cticas de trabajo.<br \/> Los materiales est\u00e1n organizados para servir de gu\u00eda para explorar diversos asuntos relacionados con las funciones, ofreciendo alternativas de trabajo y profundizaci\u00f3n del sentido del proyecto y de cada una de las obras que lo integran. Estos est\u00e1n estructurados principalmente para los estudiantes de nivel inicial, primario y secundario de nuestro barrio, aunque pretendemos que tambi\u00e9n sirvan de base exploratoria de artistas y vecinos en general.<br \/> Los contenidos est\u00e1n desarrollados por funci\u00f3n. Para cada una existe una orientaci\u00f3n general, recursos y materiales de soporte previos a la obra, de forma que esta sea de mayor provecho. Luego, los contenidos est\u00e1n organizados para trabajar en el aula <em>a posteriori<\/em> de la funci\u00f3n, desembocando en propuestas transdisciplinarias superadoras de las problem\u00e1ticas tratadas. Por \u00faltimo, se incluyen materiales de referencia (lecturas y videos) para poder profundizar sobre el autor, la obra y cada una de las tem\u00e1ticas sugeridas en el \u00faltimo cap\u00edtulo de cada apartado.<br \/> Esperamos sinceramente que esto sea una semilla para muchos otros proyectos, porque creemos que solamente podremos avanzar en la formaci\u00f3n de un patrimonio cultural com\u00fan con la participaci\u00f3n solidaria de todos, la construcci\u00f3n colectiva y la reafirmaci\u00f3n de nuestra identidad comunitaria.<\/p>\n<p><span style=\"color: #999999;\">Esta p\u00e1gina fue desarrollada originalmente para aprovechar los recursos del Plan Conectar Igualdad, por lo que no necesariamente todos los contenidos est\u00e1n disponles en <em>smartphones<\/em>.<\/span><\/p>\n<p>[\/et_pb_text][\/et_pb_column][\/et_pb_row][\/et_pb_section]<\/p>\n","protected":false},"excerpt":{"rendered":"<p>[et_pb_section fb_built=\u00bb1&#8243; background_color=\u00bb#383838&#8243; admin_label=\u00bbsection\u00bb custom_padding_last_edited=\u00bbon|desktop\u00bb _builder_version=\u00bb3.0.47&#8243; custom_padding_tablet=\u00bb50px|0|50px|0&#8243; transparent_background=\u00bboff\u00bb padding_mobile=\u00bboff\u00bb][et_pb_row admin_label=\u00bbrow\u00bb _builder_version=\u00bb3.0.47&#8243; background_size=\u00bbinitial\u00bb background_position=\u00bbtop_left\u00bb background_repeat=\u00bbrepeat\u00bb][et_pb_column type=\u00bb1_3&#8243; _builder_version=\u00bb3.0.47&#8243; parallax=\u00bboff\u00bb parallax_method=\u00bbon\u00bb][et_pb_gallery gallery_ids=\u00bb889,888,886,885,884&#8243; gallery_captions=\u00bb,,,,\u00bb fullwidth=\u00bbon\u00bb _builder_version=\u00bb3.0.105&#8243; auto=\u00bbon\u00bb use_border_color=\u00bboff\u00bb border_color=\u00bb#ffffff\u00bb border_style=\u00bbsolid\u00bb][\/et_pb_gallery][\/et_pb_column][et_pb_column type=\u00bb2_3&#8243; _builder_version=\u00bb3.0.47&#8243; parallax=\u00bboff\u00bb parallax_method=\u00bbon\u00bb][et_pb_text background_layout=\u00bbdark\u00bb _builder_version=\u00bb3.0.105&#8243; text_font=\u00bbArial||||\u00bb text_line_height=\u00bb1.5em\u00bb background_size=\u00bbinitial\u00bb background_position=\u00bbtop_left\u00bb background_repeat=\u00bbrepeat\u00bb text_orientation=\u00bbjustified\u00bb use_border_color=\u00bboff\u00bb] Como vecinos entendemos la escuela como uno de los lugares de socializaci\u00f3n por excelencia y base [&hellip;]<\/p>\n","protected":false},"author":1,"featured_media":0,"parent":0,"menu_order":0,"comment_status":"closed","ping_status":"closed","template":"","meta":[],"_links":{"self":[{"href":"https:\/\/www.lacasaclaypole.org.ar\/primerafuncion\/wp-json\/wp\/v2\/pages\/952"}],"collection":[{"href":"https:\/\/www.lacasaclaypole.org.ar\/primerafuncion\/wp-json\/wp\/v2\/pages"}],"about":[{"href":"https:\/\/www.lacasaclaypole.org.ar\/primerafuncion\/wp-json\/wp\/v2\/types\/page"}],"author":[{"embeddable":true,"href":"https:\/\/www.lacasaclaypole.org.ar\/primerafuncion\/wp-json\/wp\/v2\/users\/1"}],"replies":[{"embeddable":true,"href":"https:\/\/www.lacasaclaypole.org.ar\/primerafuncion\/wp-json\/wp\/v2\/comments?post=952"}],"version-history":[{"count":9,"href":"https:\/\/www.lacasaclaypole.org.ar\/primerafuncion\/wp-json\/wp\/v2\/pages\/952\/revisions"}],"predecessor-version":[{"id":1532,"href":"https:\/\/www.lacasaclaypole.org.ar\/primerafuncion\/wp-json\/wp\/v2\/pages\/952\/revisions\/1532"}],"wp:attachment":[{"href":"https:\/\/www.lacasaclaypole.org.ar\/primerafuncion\/wp-json\/wp\/v2\/media?parent=952"}],"curies":[{"name":"wp","href":"https:\/\/api.w.org\/{rel}","templated":true}]}}

<p>[et_pb_section fb_built=»1&#8243; background_color=»#383838&#8243; admin_label=»section» custom_padding_last_edited=»on|desktop» _builder_version=»3.0.47&#8243; custom_padding_tablet=»50px|0|50px|0&#8243; transparent_background=»off» padding_mobile=»off»][et_pb_row admin_label=»row» _builder_version=»3.0.47&#8243; background_size=»initial» background_position=»top_left» background_repeat=»repeat»][et_pb_column type=»1_3&#8243; _builder_version=»3.0.47&#8243; parallax=»off» parallax_method=»on»][et_pb_gallery gallery_ids=»889,888,886,885,884&#8243; gallery_captions=»,,,,» fullwidth=»on» _builder_version=»3.0.105&#8243; auto=»on» use_border_color=»off» border_color=»#ffffff» border_style=»solid»][/et_pb_gallery][/et_pb_column][et_pb_column type=»2_3&#8243; _builder_version=»3.0.47&#8243; parallax=»off» parallax_method=»on»][et_pb_text background_layout=»dark» _builder_version=»3.0.105&#8243; text_font=»Arial||||» text_line_height=»1.5em» background_size=»initial» background_position=»top_left» background_repeat=»repeat» text_orientation=»justified» use_border_color=»off»]</p>
<p>Como vecinos entendemos la escuela como uno de los lugares de socialización por excelencia y base fundamental de la generación de capital social sustentable para la comunidad, entendida aquí como barrio. Cuanto más podamos fortalecer el trabajo local y los lazos con las instituciones en el ámbito de la cultura y la educación, fomentando la iniciativa, la imaginación y la creatividad, más posibilidades tenemos como sociedad de lograr un desarrollo humano genuino y sostenible en el tiempo.<br /> Nuestro propósito es trabajar juntos, docentes, estudiantes y padres, en fin, vecinos de una comunidad única, con el objetivo de proponer transformaciones interactuando, reconociendo y respetando el otro.<br /> MI PRIMERA FUNCIÓN pretende buscar esos cambios a partir de experimentar las distintas manifestaciones artísticas en una sala de teatro para que, además de disfrutar de un bien cultural, sean el disparador de descubrimientos y reflexiones comunes sobre temas que no siempre están explícitamente presentes en los contenidos curriculares, pero que están dramáticamente vigentes en el cotidiano de nuestro entorno: diversidad cultural, pueblos originarios, cuestiones de género, inequidad, ciudadanía y muchos otros aspectos diarios que tratan de ser explorados a partir de las propuestas presentadas en esta página.<br /> El site se desarrolló como complemento a la propuesta pedagógica del proyecto <a href="http://www.lacasaclaypole.org.ar/murales" target="_blank" rel="noopener">CIUDAD MURAL – Museo a Cielo abierto</a>. El material ofrecido, obviamente, está muy lejos de agotar las posibles estrategias y actividades didácticas para las áreas de trabajo en el aula y, de hecho, es otro el objetivo. Apenas se presentan como un disparador y potenciador de las actividades docentes y la curiosidad de los estudiantes. Justamente este ambiente virtual debe ser construido entre todos, acumulando la experiencia común y enriqueciéndola a partir de sumar otras prácticas de trabajo.<br /> Los materiales están organizados para servir de guía para explorar diversos asuntos relacionados con las funciones, ofreciendo alternativas de trabajo y profundización del sentido del proyecto y de cada una de las obras que lo integran. Estos están estructurados principalmente para los estudiantes de nivel inicial, primario y secundario de nuestro barrio, aunque pretendemos que también sirvan de base exploratoria de artistas y vecinos en general.<br /> Los contenidos están desarrollados por función. Para cada una existe una orientación general, recursos y materiales de soporte previos a la obra, de forma que esta sea de mayor provecho. Luego, los contenidos están organizados para trabajar en el aula <em>a posteriori</em> de la función, desembocando en propuestas transdisciplinarias superadoras de las problemáticas tratadas. Por último, se incluyen materiales de referencia (lecturas y videos) para poder profundizar sobre el autor, la obra y cada una de las temáticas sugeridas en el último capítulo de cada apartado.<br /> Esperamos sinceramente que esto sea una semilla para muchos otros proyectos, porque creemos que solamente podremos avanzar en la formación de un patrimonio cultural común con la participación solidaria de todos, la construcción colectiva y la reafirmación de nuestra identidad comunitaria.</p>
<p><span style="color: #999999;">Esta página fue desarrollada originalmente para aprovechar los recursos del Plan Conectar Igualdad, por lo que no necesariamente todos los contenidos están disponles en <em>smartphones</em>.</span></p>
<p>[/et_pb_text][/et_pb_column][/et_pb_row][/et_pb_section]</p>

<p>[et_pb_section fb_built=»1&#8243; background_color=»#383838&#8243; admin_label=»section» custom_padding_last_edited=»on|desktop» _builder_version=»3.0.47&#8243; custom_padding_tablet=»50px|0|50px|0&#8243; transparent_background=»off» padding_mobile=»off»][et_pb_row admin_label=»row» _builder_version=»3.0.47&#8243; background_size=»initial» background_position=»top_left» background_repeat=»repeat»][et_pb_column type=»1_3&#8243; _builder_version=»3.0.47&#8243; parallax=»off» parallax_method=»on»][et_pb_gallery gallery_ids=»889,888,886,885,884&#8243; gallery_captions=»,,,,» fullwidth=»on» _builder_version=»3.0.105&#8243; auto=»on» use_border_color=»off» border_color=»#ffffff» border_style=»solid»][/et_pb_gallery][/et_pb_column][et_pb_column type=»2_3&#8243; _builder_version=»3.0.47&#8243; parallax=»off» parallax_method=»on»][et_pb_text background_layout=»dark» _builder_version=»3.0.105&#8243; text_font=»Arial||||» text_line_height=»1.5em» background_size=»initial» background_position=»top_left» background_repeat=»repeat» text_orientation=»justified» use_border_color=»off»] Como vecinos entendemos la escuela como uno de los lugares de socialización por excelencia y base [&hellip;]</p>
