{"id":90,"date":"2016-06-03T15:09:46","date_gmt":"2016-06-03T15:09:46","guid":{"rendered":"http:\/\/www.hecultura.com\/primerafuncion\/?page_id=90"},"modified":"2023-06-13T15:11:38","modified_gmt":"2023-06-13T15:11:38","slug":"creditos","status":"publish","type":"page","link":"https:\/\/www.lacasaclaypole.org.ar\/primerafuncion\/creditos\/","title":{"rendered":"CR\u00c9DITOS"},"content":{"rendered":"<p>[et_pb_section fb_built=\u00bb1&#8243; background_color=\u00bb#383838&#8243; admin_label=\u00bbsection\u00bb custom_padding_last_edited=\u00bbon|desktop\u00bb _builder_version=\u00bb3.0.47&#8243; custom_padding_tablet=\u00bb50px|0|50px|0&#8243; transparent_background=\u00bboff\u00bb padding_mobile=\u00bboff\u00bb][et_pb_row custom_padding=\u00bb37px|0px|0px|0px\u00bb admin_label=\u00bbrow\u00bb _builder_version=\u00bb3.0.47&#8243; background_size=\u00bbinitial\u00bb background_position=\u00bbtop_left\u00bb background_repeat=\u00bbrepeat\u00bb][et_pb_column type=\u00bb4_4&#8243; _builder_version=\u00bb3.0.47&#8243; parallax=\u00bboff\u00bb parallax_method=\u00bbon\u00bb][et_pb_text background_layout=\u00bbdark\u00bb _builder_version=\u00bb3.0.105&#8243; text_font=\u00bbArial||||\u00bb background_size=\u00bbinitial\u00bb background_position=\u00bbtop_left\u00bb background_repeat=\u00bbrepeat\u00bb use_border_color=\u00bboff\u00bb]<\/p>\n<h2>CR\u00c9DITOS<\/h2>\n<p>Este proyecto es un trabajo colectivo del Espacio de Debate y Cultura LA CASA y HECho en Claypole junto a un grupo de vecinos, artistas, docentes y alumnos del barrio<\/p>\n<p>DESARROLLARON EL PROYECTO<\/p>\n<p>COORDINACI\u00d3N GENERAL: Marcelo Montero<\/p>\n<p>COORDINACI\u00d3N DE MATERIALES PEDAGOGICOS: Julieta Montero<\/p>\n<p>MATERIAL AUDIOVISUAL: Macarena Villares<\/p>\n<p>FOTOGRAF\u00cdA: Pablo Villares.<\/p>\n<p>DISE\u00d1O DEL WEBSITE: Gabriel Corbetto<\/p>\n<p>APORTARON A LOS CONTENIDOS:<br \/> Betty Arce<\/p>\n<p>Emilio Hugo Alba<\/p>\n<p>Julian Diana<\/p>\n<p>Nuestro infinito agradecimiento a La Banda da las Corbatas, Cabeza de Alfajor, Afuera el Circo, Borde Verde, El Son de La Ciudad de M\u00e9xico, Cielo Arriba, Didactitango, Vamos Teatro y como siempre a VIRGINIA SEMINO y docentes de la EP10 por apoyar continuamente nuestras ideas y proyectos y hacernos part\u00edcipes de su comunidad educativa. A los m\u00e1s de 7.400 estudiantes que asistieron a las funciones, de quienes aprendemos tanto.<\/p>\n<p>&nbsp;<\/p>\n<p><img loading=\"lazy\" class=\"aligncenter wp-image-892 \" src=\"..\/wp-content\/uploads\/2016\/06\/logos2-768x235.png\" alt=\"logos2-768x235\" width=\"239\" height=\"73\" srcset=\"https:\/\/www.lacasaclaypole.org.ar\/primerafuncion\/wp-content\/uploads\/2016\/06\/logos2-768x235.png 768w, https:\/\/www.lacasaclaypole.org.ar\/primerafuncion\/wp-content\/uploads\/2016\/06\/logos2-768x235-300x92.png 300w\" sizes=\"(max-width: 239px) 100vw, 239px\" \/><\/p>\n<p>&nbsp;<\/p>\n<p>En siete a\u00f1os\u00a0 MI PRIMERA FUNCI\u00d3N pudo ofrecer m\u00e1s de 100 funciones para m\u00e1s de 7.400 alumnos de todos los niveles de las escuelas y jardines p\u00fablicos gracias al aporte de los siguientes patrocinadores a lo largo de estos a\u00f1os:<\/p>\n<p><img loading=\"lazy\" class=\"alignnone wp-image-1226 aligncenter\" src=\"..\/wp-content\/uploads\/2018\/12\/APOYADORES-1-300x49.png\" alt=\"\" width=\"436\" height=\"71\" srcset=\"https:\/\/www.lacasaclaypole.org.ar\/primerafuncion\/wp-content\/uploads\/2018\/12\/APOYADORES-1-300x49.png 300w, https:\/\/www.lacasaclaypole.org.ar\/primerafuncion\/wp-content\/uploads\/2018\/12\/APOYADORES-1-768x126.png 768w, https:\/\/www.lacasaclaypole.org.ar\/primerafuncion\/wp-content\/uploads\/2018\/12\/APOYADORES-1-1024x168.png 1024w, https:\/\/www.lacasaclaypole.org.ar\/primerafuncion\/wp-content\/uploads\/2018\/12\/APOYADORES-1.png 1038w\" sizes=\"(max-width: 436px) 100vw, 436px\" \/><\/p>\n<p>&nbsp;<\/p>\n<p>[\/et_pb_text][\/et_pb_column][\/et_pb_row][et_pb_row custom_padding=\u00bb0px|0px|0px|0px\u00bb _builder_version=\u00bb3.0.105&#8243;][et_pb_column type=\u00bb4_4&#8243; _builder_version=\u00bb3.0.47&#8243; parallax=\u00bboff\u00bb parallax_method=\u00bbon\u00bb][et_pb_image align=\u00bbcenter\u00bb _builder_version=\u00bb3.0.105&#8243;][\/et_pb_image][\/et_pb_column][\/et_pb_row][\/et_pb_section]<\/p>\n","protected":false},"excerpt":{"rendered":"<p>[et_pb_section fb_built=\u00bb1&#8243; background_color=\u00bb#383838&#8243; admin_label=\u00bbsection\u00bb custom_padding_last_edited=\u00bbon|desktop\u00bb _builder_version=\u00bb3.0.47&#8243; custom_padding_tablet=\u00bb50px|0|50px|0&#8243; transparent_background=\u00bboff\u00bb padding_mobile=\u00bboff\u00bb][et_pb_row custom_padding=\u00bb37px|0px|0px|0px\u00bb admin_label=\u00bbrow\u00bb _builder_version=\u00bb3.0.47&#8243; background_size=\u00bbinitial\u00bb background_position=\u00bbtop_left\u00bb background_repeat=\u00bbrepeat\u00bb][et_pb_column type=\u00bb4_4&#8243; _builder_version=\u00bb3.0.47&#8243; parallax=\u00bboff\u00bb parallax_method=\u00bbon\u00bb][et_pb_text background_layout=\u00bbdark\u00bb _builder_version=\u00bb3.0.105&#8243; text_font=\u00bbArial||||\u00bb background_size=\u00bbinitial\u00bb background_position=\u00bbtop_left\u00bb background_repeat=\u00bbrepeat\u00bb use_border_color=\u00bboff\u00bb] CR\u00c9DITOS Este proyecto es un trabajo colectivo del Espacio de Debate y Cultura LA CASA y HECho en Claypole junto a un grupo de vecinos, artistas, docentes y alumnos [&hellip;]<\/p>\n","protected":false},"author":1,"featured_media":0,"parent":0,"menu_order":0,"comment_status":"closed","ping_status":"closed","template":"","meta":[],"_links":{"self":[{"href":"https:\/\/www.lacasaclaypole.org.ar\/primerafuncion\/wp-json\/wp\/v2\/pages\/90"}],"collection":[{"href":"https:\/\/www.lacasaclaypole.org.ar\/primerafuncion\/wp-json\/wp\/v2\/pages"}],"about":[{"href":"https:\/\/www.lacasaclaypole.org.ar\/primerafuncion\/wp-json\/wp\/v2\/types\/page"}],"author":[{"embeddable":true,"href":"https:\/\/www.lacasaclaypole.org.ar\/primerafuncion\/wp-json\/wp\/v2\/users\/1"}],"replies":[{"embeddable":true,"href":"https:\/\/www.lacasaclaypole.org.ar\/primerafuncion\/wp-json\/wp\/v2\/comments?post=90"}],"version-history":[{"count":59,"href":"https:\/\/www.lacasaclaypole.org.ar\/primerafuncion\/wp-json\/wp\/v2\/pages\/90\/revisions"}],"predecessor-version":[{"id":1535,"href":"https:\/\/www.lacasaclaypole.org.ar\/primerafuncion\/wp-json\/wp\/v2\/pages\/90\/revisions\/1535"}],"wp:attachment":[{"href":"https:\/\/www.lacasaclaypole.org.ar\/primerafuncion\/wp-json\/wp\/v2\/media?parent=90"}],"curies":[{"name":"wp","href":"https:\/\/api.w.org\/{rel}","templated":true}]}}