{"id":243,"date":"2016-06-30T15:45:47","date_gmt":"2016-06-30T15:45:47","guid":{"rendered":"http:\/\/www.hecultura.com\/primerafuncion\/?page_id=243"},"modified":"2016-07-05T18:26:19","modified_gmt":"2016-07-05T18:26:19","slug":"ricardo-carpani","status":"publish","type":"page","link":"https:\/\/www.lacasaclaypole.org.ar\/primerafuncion\/artes-escenicas\/ricardo-carpani\/","title":{"rendered":"RICARDO CARPANI"},"content":{"rendered":"<p>[et_pb_section admin_label=\u00bbsection\u00bb transparent_background=\u00bboff\u00bb background_color=\u00bb#383838&#8243; allow_player_pause=\u00bboff\u00bb inner_shadow=\u00bboff\u00bb parallax=\u00bboff\u00bb parallax_method=\u00bboff\u00bb padding_mobile=\u00bboff\u00bb make_fullwidth=\u00bboff\u00bb use_custom_width=\u00bboff\u00bb width_unit=\u00bbon\u00bb make_equal=\u00bboff\u00bb use_custom_gutter=\u00bboff\u00bb][et_pb_row admin_label=\u00bbrow\u00bb][et_pb_column type=\u00bb4_4&#8243;][et_pb_text admin_label=\u00bbTexto\u00bb background_layout=\u00bbdark\u00bb text_orientation=\u00bbcenter\u00bb use_border_color=\u00bboff\u00bb border_color=\u00bb#ffffff\u00bb border_style=\u00bbsolid\u00bb text_font=\u00bbArial||||\u00bb]<\/p>\n<p><img loading=\"lazy\" class=\"aligncenter wp-image-130 size-full\" src=\"https:\/\/www.lacasaclaypole.org.ar\/primerafuncion\/wp-content\/uploads\/2016\/06\/ARGENTINA-RICARDO-CARPANI-EL-ABRAZO.jpg\" width=\"350\" height=\"352\" srcset=\"https:\/\/www.lacasaclaypole.org.ar\/primerafuncion\/wp-content\/uploads\/2016\/06\/ARGENTINA-RICARDO-CARPANI-EL-ABRAZO.jpg 350w, https:\/\/www.lacasaclaypole.org.ar\/primerafuncion\/wp-content\/uploads\/2016\/06\/ARGENTINA-RICARDO-CARPANI-EL-ABRAZO-150x150.jpg 150w, https:\/\/www.lacasaclaypole.org.ar\/primerafuncion\/wp-content\/uploads\/2016\/06\/ARGENTINA-RICARDO-CARPANI-EL-ABRAZO-298x300.jpg 298w\" sizes=\"(max-width: 350px) 100vw, 350px\" \/><\/p>\n<p style=\"text-align: center;\">El arte en general tiene una funci\u00f3n transformadora de la realidad.<br \/>\n<strong>Ricardo Carpani.<\/strong><\/p>\n<p>[\/et_pb_text][\/et_pb_column][\/et_pb_row][et_pb_row admin_label=\u00bbFila\u00bb][et_pb_column type=\u00bb4_4&#8243;][et_pb_toggle admin_label=\u00bb1. ELEMENTOS B\u00c1SICOS DE ORIENTACI\u00d3N\u00bb title=\u00bb1. ELEMENTOS B\u00c1SICOS DE ORIENTACI\u00d3N\u00bb open=\u00bboff\u00bb use_border_color=\u00bboff\u00bb border_color=\u00bb#ffffff\u00bb border_style=\u00bbsolid\u00bb title_font_size=\u00bb30&#8243; body_font=\u00bbArial||||\u00bb]<\/p>\n<p><strong>MURAL<\/strong>: EL ABRAZO<br \/>\n<strong>ARTISTA<\/strong>: RICARDO CARPANI<br \/>\n<strong>PA\u00cdS<\/strong>: ARGENTINA<br \/>\n<strong>FOCO PRINCIPAL<\/strong>: LUCHAS POPULARES. REALIDAD SOCIAL. TRABAJO.<\/p>\n<p>[\/et_pb_toggle][et_pb_toggle admin_label=\u00bb2. MATERIAL SUGERIDO PARA EL TRABAJO PREVIO A LA VISITA\u00bb title=\u00bb2. MATERIAL SUGERIDO PARA EL TRABAJO PREVIO A LA VISITA\u00bb open=\u00bboff\u00bb use_border_color=\u00bboff\u00bb border_color=\u00bb#ffffff\u00bb border_style=\u00bbsolid\u00bb title_font_size=\u00bb30&#8243; body_font=\u00bbArial||||\u00bb]<\/p>\n<h3>2.1. EL AUTOR<\/h3>\n<p style=\"text-align: right;\">Creo que el deber de un hombre, es ser un hombre.<br \/>\n<strong>Ricardo Carpani <\/strong><\/p>\n<p>Carpani nace en Tigre el 11 de febrero de 1930. Descendiente de inmigrantes italianos y franceses, su infancia transcurri\u00f3 en Capilla del Se\u00f1or hasta que en 1936 su familia se traslad\u00f3 a Buenos Aires.<br \/>\nSu activa identificaci\u00f3n pol\u00edtica lo lleva a fundar, junto con otros artistas de su tiempo, el movimiento \u00abEspartaco\u00bb. Su inquietud por lo social y su compromiso con las clases populares, se reflejan en una obra donde predominan el tema de los desocupados, de los trabajadores, de los humildes adem\u00e1s de un arte que defiende lo nacional. En esta etapa se hallan obras como \u00abHuelga\u00bb, de 1958, un mural de 1961 para el Sindicato Obreros de la Alimentaci\u00f3n que se llama \u00abTrabajo, Solidaridad, Lucha\u00bb; \u00abConciencia\u00bb, de 1974, entre otros; lo que lo lleva a exiliarse en Europa despu\u00e9s del golpe de estado de 1976.<br \/>\nEn ese per\u00edodo como reflejo de su actividad pol\u00edtica trabaja en la en la Comisi\u00f3n Argentina por la Defensa de los Derechos Humanos junto a otros artistas e intelectuales, denunciando los cr\u00edmenes de la dictadura c\u00edvico-militar para que se sepan en el resto del mundo. Tras el restablecimiento de la democracia regresa al pa\u00eds donde realiza una profusa actividad art\u00edstica. Muere en Buenos Aires en 1997.<\/p>\n<p>&nbsp;<\/p>\n<h3>2.2 SU OBRA<\/h3>\n<p>Asistir el documental \u201cEl taller: Carpani\u201d de Caras y Caretas TV (en videoteca). Reflexionar y discutir sobre su obra.<\/p>\n<p>[\/et_pb_toggle][et_pb_toggle admin_label=\u00bb3. ACTIVIDADES SUGERIDAS PARA DESPU\u00c9S DE LA VISITA\u00bb title=\u00bb3. ACTIVIDADES SUGERIDAS PARA DESPU\u00c9S DE LA VISITA\u00bb open=\u00bboff\u00bb use_border_color=\u00bboff\u00bb border_color=\u00bb#ffffff\u00bb border_style=\u00bbsolid\u00bb title_font_size=\u00bb30&#8243; body_font=\u00bbArial||||\u00bb]<\/p>\n<h3 data-canvas-width=\"61.422158675094785\">3.1.\u00a0PARA EL \u00c1REA DE CIENCIAS SOCIALES<\/h3>\n<div style=\"text-align: left;\" data-canvas-width=\"643.3663848209239\">Ver el documental \u201cRicardo Carpani \u2013 Persistencia de una Utop\u00eda\u201d de Watta Fern\u00e1ndez (en videoteca) y leer el fragmento abajo:<\/div>\n<div style=\"text-align: left; padding-left: 60px;\" data-canvas-width=\"643.3663848209239\"><\/div>\n<div style=\"text-align: left; padding-left: 60px;\" data-canvas-width=\"643.3663848209239\"><strong>Ricardo Carpani: Los muros de la revoluci\u00f3n (Fragmento)<\/strong><\/div>\n<div style=\"text-align: left; padding-left: 60px;\" data-canvas-width=\"643.3663848209239\">Atravesado por una \u00e9poca en la que el sue\u00f1o de la revoluci\u00f3n lat\u00eda en cada calle, Ricardo Carpani supo delinear, a trav\u00e9s de sus murales y afiches pol\u00edticos, una iconograf\u00eda propia e identitaria de la clase trabajadora nacional. Junto al relato de Doris Halpin, su compa\u00f1era, repasamos vida yobra de un artista pl\u00e1stico marcado por las luchas populares, un exilio dif\u00edcil y un regreso a\u00fan m\u00e1s complicado; alguien que concibi\u00f3 el arte como lugar ineludible de las grandes transformaciones sociales.<\/div>\n<div style=\"text-align: left; padding-left: 60px;\" data-canvas-width=\"643.3663848209239\"><\/div>\n<div style=\"text-align: left; padding-left: 60px;\" data-canvas-width=\"643.3663848209239\"><img loading=\"lazy\" class=\" wp-image-344 aligncenter\" src=\"https:\/\/www.lacasaclaypole.org.ar\/primerafuncion\/wp-content\/uploads\/2016\/06\/1-6.png\" alt=\"1\" width=\"675\" height=\"372\" srcset=\"https:\/\/www.lacasaclaypole.org.ar\/primerafuncion\/wp-content\/uploads\/2016\/06\/1-6.png 532w, https:\/\/www.lacasaclaypole.org.ar\/primerafuncion\/wp-content\/uploads\/2016\/06\/1-6-300x166.png 300w\" sizes=\"(max-width: 675px) 100vw, 675px\" \/><\/div>\n<div style=\"text-align: left;\" data-canvas-width=\"643.3663848209239\"><\/div>\n<div style=\"text-align: left; padding-left: 60px;\" data-canvas-width=\"643.3663848209239\"><\/div>\n<div style=\"text-align: left; padding-left: 60px;\" data-canvas-width=\"643.3663848209239\">Una obra que habla por s\u00ed misma. As\u00ed podr\u00eda definirse a la totalidad de la producci\u00f3n de Ricardo Carpani, en donde cada cuadro, afiche, mural o escultura se vincula de manera estrecha con un preciso momento hist\u00f3rico de gesta: a\u00f1os de esplendor de las luchas sindicales, per\u00edodos prolongados de un exilio forzoso, reinserci\u00f3n en una patria regida por la ley del m\u00e1s fuerte. Carpani siempre sostuvo que la revoluci\u00f3n era el lugar que le correspond\u00eda al arte, y sus trabajos fueron la consecuencia de ese pensamiento. Rostros fuertes, brazos de trabajadores, masas obreras y las m\u00e1s diversas causas sociales, conviven en su producci\u00f3n junto con el arrabal porte\u00f1o y el amor de pareja, entre otras tem\u00e1ticas.<\/div>\n<div style=\"text-align: left; padding-left: 60px;\" data-canvas-width=\"643.3663848209239\">Nacido en Tigre en el a\u00f1o 1930, toma contacto con el arte siendo joven. Una bisagra en su vida significa el abandonar los estudios de abogac\u00eda y viajar a Francia, en donde pasa una estad\u00eda trabajando como modelo para pintores; esta vivencia lo termina de acercar de manera definitiva a las artes pl\u00e1sticas. A su regreso, estudia con Emilio Pettoruti y expone por primera vez en 1957; forma parte de diferentes muestras colectivas y, al tiempo, conforma el Movimiento Espartaco, experiencia que lo lleva a trabajar en sus primeros murales, y a conocer a su mujer, Doris Halpin, hoy activa difusora y promotora de su obra. Respecto de esta etapa en la vida del artista, Doris comenta: \u00abA Ricardo lo conoc\u00ed por un brindis de fin de a\u00f1o. Hab\u00edamos limpiado el s\u00f3tano de casa y se lo ofrecimos a los miembros de Espartaco (que siempre intent\u00f3 funcionar como movimiento, no como grupo) para que tuvieran un lugar para trabajar. Algunos ten\u00edan taller, otros no. El movimiento se conform\u00f3 con Juan Manuel S\u00e1nchez, Mario Mollari, Carlos Sessano, Espirilio Butte, Pascual Di Bianco y Juana Elena Diz (cuya incorporaci\u00f3n se decidi\u00f3 luego de largas discusiones, porque todos ellos eran muy machistas)\u00bb.<\/div>\n<div style=\"text-align: left; padding-left: 60px;\" data-canvas-width=\"643.3663848209239\">Si bien el Movimiento se diluye, Carpani contin\u00faa por el camino del compromiso social y pol\u00edtico como premisa inseparable de lo forjado en el plano art\u00edstico. Comienza a delinearse un per\u00edodo en el que la cercan\u00eda a movimientos y organizaciones populares, en especial la CGT, direccionan y abarcan la totalidad de la producci\u00f3n del artista. Causas sociales, obreros en las calles, desocupados, figuras fuertes y geom\u00e9tricas, rostros duros, son algunos de los elementos que constituyen el universo est\u00e9tico\/ideol\u00f3gico de Carpani.<\/div>\n<div style=\"text-align: left; padding-left: 60px;\" data-canvas-width=\"643.3663848209239\">Con relaci\u00f3n a esos a\u00f1os, Doris nos relata: -Ricardo privilegiaba esa actividad. Entonces es poco lo que pint\u00f3 en aquella \u00e9poca, no hay muchos cuadros de su primer\u00edsima \u00e9poca porque en general, si hab\u00eda un problema en el orden gremial, inmediatamente le ven\u00edan a pedir un afiche. Por ejemplo, lo encarcelaban a Raimundo Ongaro y ya mandaban a alguien para que Ricardo hiciera un afiche. En ese momento, estuvo dedicado mayoritariamente y por su voluntad expresa al movimiento obrero. Hab\u00eda muchos problemas, as\u00ed que razones sobraban. Cuando se present\u00f3 el programa de Huerta Grande, Ricardo dibuj\u00f3 un afiche doble. Hay que ver lo que era ese programa para darse cuenta del nivel ideol\u00f3gico de la clase trabajadora en aquella \u00e9poca: no era el actual ni mucho menos. Es que no era una \u00e9poca de derrota, era una \u00e9poca de lucha.<\/div>\n<div style=\"text-align: right;\" data-canvas-width=\"643.3663848209239\"><strong>Fuente: Revista Sudestada. N\u00ba 84 &#8211; Noviembre 2009<\/strong><\/div>\n<div style=\"text-align: left;\" data-canvas-width=\"643.3663848209239\"><\/div>\n<div style=\"text-align: left;\" data-canvas-width=\"643.3663848209239\"><\/div>\n<ul>\n<li style=\"text-align: left;\" data-canvas-width=\"643.3663848209239\">\u00bfQu\u00e9 hechos hist\u00f3ricos marcaron la obra del artista? Realizar una comparativa con aquellos mostrados en la l\u00ednea del tiempo de este proyecto.<\/li>\n<li style=\"text-align: left;\" data-canvas-width=\"643.3663848209239\">Carpani funda el Grupo Espartaco e inicia el Muralismo en Argentina. \u00bfCu\u00e1l es su objetivo? Compararlos con los del movimiento muralista mexicano de Diego Rivera. Analizar puntos en com\u00fan.<\/li>\n<li style=\"text-align: left;\" data-canvas-width=\"643.3663848209239\">Doris dice en el art\u00edculo: \u201cRicardo privilegiaba esa actividad. Entonces es poco lo que pint\u00f3 en aquella \u00e9poca, no hay muchos cuadros de su primer\u00edsima \u00e9poca porque en general, si hab\u00eda un problema en el orden gremial, inmediatamente le ven\u00edan a pedir un afiche\u201d. Investiga sobre algunos afiches que el autor pint\u00f3 en esa \u00e9poca y el contexto pol\u00edtico-social que reflejaba cada uno.<\/li>\n<\/ul>\n<div style=\"text-align: left;\" data-canvas-width=\"643.3663848209239\"><\/div>\n<div style=\"text-align: left;\" data-canvas-width=\"643.3663848209239\">Despu\u00e9s de ver el video del Canal Encuentro: Huellas. Arte Argentino \u2013 Ricardo Carpani (en videoteca) reflexionar en grupo sobre su obra y su identidad pol\u00edtica y filos\u00f3fica.<\/div>\n<div style=\"text-align: left;\" data-canvas-width=\"643.3663848209239\"><\/div>\n<div style=\"text-align: left;\" data-canvas-width=\"643.3663848209239\"><\/div>\n<div style=\"text-align: right;\" data-canvas-width=\"643.3663848209239\">Una de las formas recuperar la esperanza, es recuperar la memoria,<\/div>\n<div style=\"text-align: right;\" data-canvas-width=\"643.3663848209239\">recuperar nuestra memoria colectiva.<br \/>\n<strong>Ricardo Carpani<\/strong><\/div>\n<div style=\"text-align: left;\" data-canvas-width=\"643.3663848209239\"><\/div>\n<div style=\"text-align: left;\" data-canvas-width=\"643.3663848209239\">Carpani utiliza la expresi\u00f3n de la memoria colectiva. \u00bfQu\u00e9 significa memoria colectiva? \u00bfC\u00f3mo crees que podemos preservarla?<\/div>\n<div style=\"text-align: left;\" data-canvas-width=\"643.3663848209239\"><\/div>\n<div style=\"text-align: left;\" data-canvas-width=\"643.3663848209239\"><\/div>\n<h3 style=\"text-align: left;\" data-canvas-width=\"643.3663848209239\">3.2 PARA EL \u00c1REA DE ART\u00cdSTICA<\/h3>\n<div style=\"text-align: left;\" data-canvas-width=\"643.3663848209239\">En sus obras se ve reflejado su compromiso con las causas populares. Si tuvieras que pensar en hacer un afiche de la realidad socio-econ\u00f3mica actual de nuestro pa\u00eds \u00bfC\u00f3mo seria? \u00bfQui\u00e9nes estar\u00edan en tu afiche? Realizarlo teniendo en cuenta las figuras fuertes y geom\u00e9tricas, rostros duros, algunos de los elementos que constituyen el universo est\u00e9tico-ideol\u00f3gico de Carpani.<\/div>\n<div style=\"text-align: left;\" data-canvas-width=\"643.3663848209239\"><\/div>\n<h3>3.3 PARA LA ESCUELA PRIMARIA Y LOS NIVELES INICIALES<\/h3>\n<div style=\"text-align: left;\" data-canvas-width=\"643.3663848209239\">Miramos el video Zamba &#8211; Excursi\u00f3n al Museo de Bellas Artes: Ricardo Carpani (en videoteca) y debatimos en clase: \u00bfQui\u00e9n era Ricardo Carpani? \u00bfCu\u00e1l era el tema principal de sus obras? \u00bfPor qu\u00e9 el autor eleg\u00eda pintar ese tipo de cuadros? \u00bfQui\u00e9nes son los desocupados?\u00bfTe animas a realizar tu propio cuadro de alguna persona trabajando? \u00bfA qui\u00e9n pintar\u00edas?<\/div>\n<p>[\/et_pb_toggle][et_pb_toggle admin_label=\u00bb4. MATERIAL DE APOYO PARA ALUMNOS, DOCENTES Y VECINOS \u00bb title=\u00bb4. MATERIAL DE APOYO PARA ALUMNOS, DOCENTES Y VECINOS \u00bb open=\u00bboff\u00bb use_border_color=\u00bboff\u00bb border_color=\u00bb#ffffff\u00bb border_style=\u00bbsolid\u00bb title_font_size=\u00bb30&#8243; body_font=\u00bbArial||||\u00bb]<\/p>\n<p>CARAS Y CARETAS TV (2008): El taller: Carpani (video). Disponible en l\u00edneaen:https:\/\/youtu.be\/RvzUpZ6BufM (VER VIDEOTECA).<br \/>\nFERN\u00c1NDEZ, W. (2008): Ricardo Carpani \u2013 Persistencia de la Utop\u00eda (video). Disponible en l\u00ednea en: https:\/\/youtu.be\/FwGPAP0d1Vw (VER VIDEOTECA).<br \/>\nMINISTERIO DE EDUCACI\u00d3N. CANAL ENCUENTRO (2010): Huellas. Arte Argentino \u2013Ricardo Carpani (video). Disponible en l\u00ednea en: https:\/\/shar.es\/1ekdPv (VER VIDEOTECA).<br \/>\nMINISTERIO DE EDUCACI\u00d3N. CANAL PAKAPAKA (2010): Zamba &#8211; Excursi\u00f3n al Museo de Bellas Artes: Ricardo Carpani (video). Disponible en l\u00ednea en: https:\/\/www.youtube.com\/watch?v=ly4R38_NKP8 (VER VIDEOTECA).<\/p>\n<p>[\/et_pb_toggle][\/et_pb_column][\/et_pb_row][\/et_pb_section]<\/p>\n","protected":false},"excerpt":{"rendered":"<p>[et_pb_section admin_label=\u00bbsection\u00bb transparent_background=\u00bboff\u00bb background_color=\u00bb#383838&#8243; allow_player_pause=\u00bboff\u00bb inner_shadow=\u00bboff\u00bb parallax=\u00bboff\u00bb parallax_method=\u00bboff\u00bb padding_mobile=\u00bboff\u00bb make_fullwidth=\u00bboff\u00bb use_custom_width=\u00bboff\u00bb width_unit=\u00bbon\u00bb make_equal=\u00bboff\u00bb use_custom_gutter=\u00bboff\u00bb][et_pb_row admin_label=\u00bbrow\u00bb][et_pb_column type=\u00bb4_4&#8243;][et_pb_text admin_label=\u00bbTexto\u00bb background_layout=\u00bbdark\u00bb text_orientation=\u00bbcenter\u00bb use_border_color=\u00bboff\u00bb border_color=\u00bb#ffffff\u00bb border_style=\u00bbsolid\u00bb text_font=\u00bbArial||||\u00bb] El arte en general tiene una funci\u00f3n transformadora de la realidad. Ricardo Carpani. [\/et_pb_text][\/et_pb_column][\/et_pb_row][et_pb_row admin_label=\u00bbFila\u00bb][et_pb_column type=\u00bb4_4&#8243;][et_pb_toggle admin_label=\u00bb1. ELEMENTOS B\u00c1SICOS DE ORIENTACI\u00d3N\u00bb title=\u00bb1. ELEMENTOS B\u00c1SICOS DE ORIENTACI\u00d3N\u00bb open=\u00bboff\u00bb use_border_color=\u00bboff\u00bb border_color=\u00bb#ffffff\u00bb border_style=\u00bbsolid\u00bb title_font_size=\u00bb30&#8243; body_font=\u00bbArial||||\u00bb] [&hellip;]<\/p>\n","protected":false},"author":1,"featured_media":0,"parent":63,"menu_order":0,"comment_status":"closed","ping_status":"closed","template":"","meta":[],"_links":{"self":[{"href":"https:\/\/www.lacasaclaypole.org.ar\/primerafuncion\/wp-json\/wp\/v2\/pages\/243"}],"collection":[{"href":"https:\/\/www.lacasaclaypole.org.ar\/primerafuncion\/wp-json\/wp\/v2\/pages"}],"about":[{"href":"https:\/\/www.lacasaclaypole.org.ar\/primerafuncion\/wp-json\/wp\/v2\/types\/page"}],"author":[{"embeddable":true,"href":"https:\/\/www.lacasaclaypole.org.ar\/primerafuncion\/wp-json\/wp\/v2\/users\/1"}],"replies":[{"embeddable":true,"href":"https:\/\/www.lacasaclaypole.org.ar\/primerafuncion\/wp-json\/wp\/v2\/comments?post=243"}],"version-history":[{"count":9,"href":"https:\/\/www.lacasaclaypole.org.ar\/primerafuncion\/wp-json\/wp\/v2\/pages\/243\/revisions"}],"predecessor-version":[{"id":490,"href":"https:\/\/www.lacasaclaypole.org.ar\/primerafuncion\/wp-json\/wp\/v2\/pages\/243\/revisions\/490"}],"up":[{"embeddable":true,"href":"https:\/\/www.lacasaclaypole.org.ar\/primerafuncion\/wp-json\/wp\/v2\/pages\/63"}],"wp:attachment":[{"href":"https:\/\/www.lacasaclaypole.org.ar\/primerafuncion\/wp-json\/wp\/v2\/media?parent=243"}],"curies":[{"name":"wp","href":"https:\/\/api.w.org\/{rel}","templated":true}]}}