{"id":148,"date":"2016-06-03T16:35:41","date_gmt":"2016-06-03T16:35:41","guid":{"rendered":"http:\/\/www.hecultura.com\/primerafuncion\/?page_id=148"},"modified":"2018-03-18T23:45:29","modified_gmt":"2018-03-18T23:45:29","slug":"blanco-sobre-blanco","status":"publish","type":"page","link":"https:\/\/www.lacasaclaypole.org.ar\/primerafuncion\/artes-escenicas\/blanco-sobre-blanco\/","title":{"rendered":"BLANCO SOBRE BLANCO"},"content":{"rendered":"<p>[et_pb_section bb_built=\u00bb1&#8243; admin_label=\u00bbsection\u00bb background_color=\u00bb#383838&#8243; custom_padding_last_edited=\u00bbon|desktop\u00bb _builder_version=\u00bb3.0.47&#8243; custom_padding_tablet=\u00bb50px|0|50px|0&#8243; transparent_background=\u00bboff\u00bb padding_mobile=\u00bboff\u00bb][et_pb_row admin_label=\u00bbrow\u00bb _builder_version=\u00bb3.0.47&#8243; background_size=\u00bbinitial\u00bb background_position=\u00bbtop_left\u00bb background_repeat=\u00bbrepeat\u00bb][et_pb_column type=\u00bb1_3&#8243;][\/et_pb_column][et_pb_column type=\u00bb2_3&#8243;][et_pb_text background_layout=\u00bbdark\u00bb _builder_version=\u00bb3.0.105&#8243; text_font_size=\u00bb14px\u00bb text_line_height=\u00bb1.5em\u00bb background_size=\u00bbinitial\u00bb background_position=\u00bbtop_left\u00bb background_repeat=\u00bbrepeat\u00bb text_orientation=\u00bbright\u00bb module_alignment=\u00bbcenter\u00bb use_border_color=\u00bboff\u00bb]<\/p>\n<p style=\"text-align: right;\">Hay un camino que recorrimos en estos 35 a\u00f1os en los que hicimos docencia y que nos demuestra que la gente va tomando conciencia de que la dictadura nos afect\u00f3 a todos, que los ni\u00f1os desaparecidos son de todos y los adultos tambi\u00e9n.<br \/>\n<strong>Estela de Carlotto<\/strong><\/p>\n<p>[\/et_pb_text][\/et_pb_column][\/et_pb_row][et_pb_row admin_label=\u00bbrow\u00bb _builder_version=\u00bb3.0.47&#8243; background_size=\u00bbinitial\u00bb background_position=\u00bbtop_left\u00bb background_repeat=\u00bbrepeat\u00bb][et_pb_column type=\u00bb1_4&#8243;][\/et_pb_column][et_pb_column type=\u00bb1_2&#8243;][et_pb_video src=\u00bbhttps:\/\/youtu.be\/e_lJuBLek0A\u00bb _builder_version=\u00bb3.0.105&#8243;]<\/p>\n<p>&nbsp;<\/p>\n<p>[\/et_pb_video][\/et_pb_column][et_pb_column type=\u00bb1_4&#8243;][\/et_pb_column][\/et_pb_row][et_pb_row _builder_version=\u00bb3.0.47&#8243; background_size=\u00bbinitial\u00bb background_position=\u00bbtop_left\u00bb background_repeat=\u00bbrepeat\u00bb][et_pb_column type=\u00bb4_4&#8243;][et_pb_toggle admin_label=\u00bb1. ELEMENTOS B\u00c1SICOS DE ORIENTACI\u00d3N\u00bb title=\u00bb1. ELEMENTOS B\u00c1SICOS DE ORIENTACI\u00d3N\u00bb _builder_version=\u00bb3.0.105&#8243; title_font_size=\u00bb30&#8243; body_line_height=\u00bb1.5em\u00bb background_size=\u00bbinitial\u00bb background_position=\u00bbtop_left\u00bb background_repeat=\u00bbrepeat\u00bb text_orientation=\u00bbjustified\u00bb use_border_color=\u00bboff\u00bb open=\u00bboff\u00bb]<\/p>\n<p><strong>T\u00edtulo<\/strong>: BLANCO SOBRE BLANCO<\/p>\n<p><strong>G\u00e9nero<\/strong>: Drama<\/p>\n<p><strong>Autor<\/strong>: Alejandro Mateo, Alfredo Rosenbaum e Ita Scaramuzza<\/p>\n<p><strong>Direcci\u00f3n<\/strong>: Gimena Campos y Gast\u00f3n Carrica<\/p>\n<p><strong>Compa\u00f1\u00eda<\/strong>: Elenco Estable de LA CASA<\/p>\n<p><strong>Sinopsis<\/strong>:<\/p>\n<p>La obra es un espect\u00e1culo perform\u00e1tico, donde se rompe con la estructura convencional del teatro de c\u00e1mara, aqu\u00ed el espectador no se sienta a ver y disfrutar de un hecho teatral que se desarrolla en el escenario, ya que podr\u00e1\u00a0 vivenciar de forma directa con los actores de la propuesta est\u00e9tica, estando como parte fundamental e indispensable. En la obra, se habla puntualmente de la IDENTIDAD, pasando por la \u00faltima dictadura militar argentina, tom\u00e1ndola como disparador y generando un paralelismo inmediato con el valor de la identidad.<\/p>\n<p><strong>Publico Sugerido<\/strong>: Educaci\u00f3n Secundaria (\u00faltimos a\u00f1os) \/ Terciaria \/ Educaci\u00f3n de Adultos.<\/p>\n<p>[\/et_pb_toggle][et_pb_toggle admin_label=\u00bb2. MATERIAL SUGERIDO PARA EL TRABAJO PREVIO A LA VISITA\u00bb title=\u00bb2. MATERIAL SUGERIDO PARA EL TRABAJO PREVIO A LA FUNCI\u00d3N\u00bb _builder_version=\u00bb3.0.105&#8243; title_font_size=\u00bb30&#8243; background_size=\u00bbinitial\u00bb background_position=\u00bbtop_left\u00bb background_repeat=\u00bbrepeat\u00bb use_border_color=\u00bboff\u00bb]<\/p>\n<ul>\n<li>Buscar material sobre la \u00faltima dictadura civico-militar argentina, testimonios que puedan aportar datos sobre lo vivido en esa \u00e9poca desde todos los aspectos posible, para un mayor entendimiento de la tem\u00e1tica general de la obra y poder lograr que los j\u00f3venes tengan una orientaci\u00f3n sobre el contexto hist\u00f3rico que abarca la obra teatral.<\/li>\n<li>Utilizar elementos audiovisuales, para poder lograr una mayor comprensi\u00f3n de los j\u00f3venes sobre la \u00e9poca y la realidad de ese momento. Poder sumergirlos en esta idea de vivencia.<\/li>\n<li>Apuntar preguntar que puedan surgir desde el involucrarse con esta tem\u00e1tica, para poder luego realizarlas en el momento del debate posterior a la presentaci\u00f3n.<\/li>\n<\/ul>\n<p>[\/et_pb_toggle][et_pb_toggle admin_label=\u00bb3. ACTIVIDADES SUGERIDAS PARA DESPU\u00c9S DE LA VISITA\u00bb title=\u00bb3. ACTIVIDADES SUGERIDAS PARA DESPU\u00c9S DE LA FUNCI\u00d3N\u00bb _builder_version=\u00bb3.0.105&#8243; title_font_size=\u00bb30&#8243; body_line_height=\u00bb1.5em\u00bb background_size=\u00bbinitial\u00bb background_position=\u00bbtop_left\u00bb background_repeat=\u00bbrepeat\u00bb text_orientation=\u00bbjustified\u00bb use_border_color=\u00bboff\u00bb]<\/p>\n<p>Generar un primer acercamiento recordando el debate posterior a la funci\u00f3n: De que se habl\u00f3 en el mismo, testimonio de los actores y las percepciones de la obra<\/p>\n<p>&nbsp;<\/p>\n<p><strong>ACTIVIDAD: EL TERRORISMO DE ESTADO Y LA APROPIACI\u00d3N<\/strong><\/p>\n<p>Buscar informaci\u00f3n en el libro \u201c10 Postales por el Derecho a la Identidad\u201d incluido en el material de apoyo, espec\u00edficamente en las postales 1, 4 y 5: \u00bfQu\u00e9 es el terrorismo de Estado? \u00bfA qu\u00e9 nos referimos cuando decimos que se trat\u00f3 de una apropiaci\u00f3n sistem\u00e1tica? \u00bfC\u00f3mo definimos el delito de apropiaci\u00f3n ilegal? \u00bfQu\u00e9 es la Comisi\u00f3n Nacional por el Derecho a la Identidad? \u00bfEn qu\u00e9 medida el Estado puede reparar los delitos cometidos? \u00bfQu\u00e9 garantiza el Derecho a la Identidad? \u00bfQu\u00e9 rol cumple en este sentido el Banco Nacional de Datos Gen\u00e9ticos?<\/p>\n<p>&nbsp;<\/p>\n<p><strong>ACTIVIDAD: IDENTIDAD<\/strong><\/p>\n<ul>\n<li>Buscar el significado de la palabra IDENTIDAD y sus diferentes definiciones: identidad cultural, colectiva, social, de g\u00e9nero, etc.<\/li>\n<li>Generar una red conceptual donde los alumnos puedan visualizar sus formas de definir la identidad y de poder obtener una identidad grupal de los compa\u00f1eros en el aula.<\/li>\n<li>Debatir: Al finalizar la obra cada uno de los actores se coloca en el escenario, dice sus nombre y repite la frase \u201cconozco mi identidad y se quien soy\u201d. \u00bfPor qu\u00e9 dicen esto?<\/li>\n<\/ul>\n<p>&nbsp;<\/p>\n<p><strong>ACTIVIDAD: IDENTIDAD Y MEMORIA<\/strong><\/p>\n<p>Buscar informaci\u00f3n en el libro \u201c10 Postales por el Derecho a la Identidad\u201d, incluido en el material de apoyo, espec\u00edficamente en las postales 5, 7 y 10.<\/p>\n<p>Analizar y debatir los conceptos de identidad y memoria. \u00bfLa identidad es individual? \u00bfC\u00f3mo se constituye la identidad de una persona? \u00bfQu\u00e9 lugar ocupa la familia? \u00bfQu\u00e9 espacio tiene el resto de la sociedad en la identidad? \u00bfCu\u00e1les fueron las principales discusiones sobre la restituci\u00f3n y la identidad en la esfera p\u00fablica a lo largo de la historia de abuelas? \u00bfC\u00f3mo se construye la memoria? \u00bfQu\u00e9 relaci\u00f3n hay entre la memoria personal y la memoria colectiva? \u00bfQu\u00e9 papel puede cumplir el \u201cArchivo Biogr\u00e1fico Familiar\u201d construido por abuelas? \u00bfCu\u00e1l es su importancia?<\/p>\n<p>&nbsp;<\/p>\n<p><strong>ACTIVIDAD: EL \u00cdNDICE DE ABUELIDAD<\/strong><\/p>\n<p>Al inicio de la obra uno de los actores habla del \u201c\u00edndice de abuelidad\u201d. Buscar informaci\u00f3n en el libro \u201c10 Postales por el Derecho a la Identidad\u201d incluido en el material de apoyo, espec\u00edficamente en las postales 2, 3 y 4.<\/p>\n<p>\u00bfQu\u00e9 es el \u201c\u00cdndice de abuelidad\u201d? \u00bfCu\u00e1les son los dilemas de la restituci\u00f3n? \u00bfPor qu\u00e9 s\u00f3lo con la gen\u00e9tica no alcanza para recuperar la identidad robada? \u00bfCu\u00e1l es el l\u00edmite de la ciencia?<\/p>\n<p>[\/et_pb_toggle][et_pb_toggle admin_label=\u00bb4. MATERIAL DE APOYO PARA ALUMNOS, DOCENTES Y VECINOS \u00bb title=\u00bb4. MATERIAL DE APOYO PARA ALUMNOS Y DOCENTES \u00bb _builder_version=\u00bb3.0.105&#8243; title_font_size=\u00bb30&#8243; body_line_height=\u00bb1.5em\u00bb text_orientation=\u00bbjustified\u00bb use_border_color=\u00bboff\u00bb open=\u00bboff\u00bb]<\/p>\n<p>Pagina Oficial de las Abuelas de Plaza de Mayo: <a href=\"https:\/\/www.abuelas.org.ar\/\">https:\/\/www.abuelas.org.ar\/<\/a><\/p>\n<p>&nbsp;<\/p>\n<p><strong>El texto de la obra<\/strong><\/p>\n<p>MATEO, A y otros: BLANCO SOBRE BLANCO<\/p>\n<p>&nbsp;<\/p>\n<p><strong>Lecturas<\/strong><\/p>\n<p>El Nunca M\u00e1s<\/p>\n<p>Abuelas de Plaza de Mayo (2008). \u00bfQui\u00e9n Soy Yo?. Buenos Aires, Argentina.<\/p>\n<p>Abuelas de Plaza de Mayo (2010). 10 Postales por el Derecho a la Identidad.<\/p>\n<p>&nbsp;<\/p>\n<p><strong>En la Videoteca<\/strong><\/p>\n<p>Cr\u00f3nica de una Conspiraci\u00f3n<\/p>\n<p>&nbsp;<\/p>\n<p><strong>Otros Links Sugeridos<\/strong><\/p>\n<p>Proyecto desaparecidos: Memoria, verdad y justicia: <a href=\"http:\/\/www.desaparecidos.org\/main.html\">http:\/\/www.desaparecidos.org\/main.html<\/a><\/p>\n<p>&nbsp;<\/p>\n<p>&nbsp;<\/p>\n<p>[\/et_pb_toggle][\/et_pb_column][\/et_pb_row][\/et_pb_section]<\/p>\n","protected":false},"excerpt":{"rendered":"<p>[et_pb_section bb_built=\u00bb1&#8243; admin_label=\u00bbsection\u00bb background_color=\u00bb#383838&#8243; custom_padding_last_edited=\u00bbon|desktop\u00bb _builder_version=\u00bb3.0.47&#8243; custom_padding_tablet=\u00bb50px|0|50px|0&#8243; transparent_background=\u00bboff\u00bb padding_mobile=\u00bboff\u00bb][et_pb_row admin_label=\u00bbrow\u00bb _builder_version=\u00bb3.0.47&#8243; background_size=\u00bbinitial\u00bb background_position=\u00bbtop_left\u00bb background_repeat=\u00bbrepeat\u00bb][et_pb_column type=\u00bb1_3&#8243;][\/et_pb_column][et_pb_column type=\u00bb2_3&#8243;][et_pb_text background_layout=\u00bbdark\u00bb _builder_version=\u00bb3.0.105&#8243; text_font_size=\u00bb14px\u00bb text_line_height=\u00bb1.5em\u00bb background_size=\u00bbinitial\u00bb background_position=\u00bbtop_left\u00bb background_repeat=\u00bbrepeat\u00bb text_orientation=\u00bbright\u00bb module_alignment=\u00bbcenter\u00bb use_border_color=\u00bboff\u00bb] Hay un camino que recorrimos en estos 35 a\u00f1os en los que hicimos docencia y que nos demuestra que la gente va tomando conciencia de que la dictadura nos [&hellip;]<\/p>\n","protected":false},"author":1,"featured_media":0,"parent":63,"menu_order":0,"comment_status":"closed","ping_status":"closed","template":"","meta":[],"_links":{"self":[{"href":"https:\/\/www.lacasaclaypole.org.ar\/primerafuncion\/wp-json\/wp\/v2\/pages\/148"}],"collection":[{"href":"https:\/\/www.lacasaclaypole.org.ar\/primerafuncion\/wp-json\/wp\/v2\/pages"}],"about":[{"href":"https:\/\/www.lacasaclaypole.org.ar\/primerafuncion\/wp-json\/wp\/v2\/types\/page"}],"author":[{"embeddable":true,"href":"https:\/\/www.lacasaclaypole.org.ar\/primerafuncion\/wp-json\/wp\/v2\/users\/1"}],"replies":[{"embeddable":true,"href":"https:\/\/www.lacasaclaypole.org.ar\/primerafuncion\/wp-json\/wp\/v2\/comments?post=148"}],"version-history":[{"count":50,"href":"https:\/\/www.lacasaclaypole.org.ar\/primerafuncion\/wp-json\/wp\/v2\/pages\/148\/revisions"}],"predecessor-version":[{"id":1277,"href":"https:\/\/www.lacasaclaypole.org.ar\/primerafuncion\/wp-json\/wp\/v2\/pages\/148\/revisions\/1277"}],"up":[{"embeddable":true,"href":"https:\/\/www.lacasaclaypole.org.ar\/primerafuncion\/wp-json\/wp\/v2\/pages\/63"}],"wp:attachment":[{"href":"https:\/\/www.lacasaclaypole.org.ar\/primerafuncion\/wp-json\/wp\/v2\/media?parent=148"}],"curies":[{"name":"wp","href":"https:\/\/api.w.org\/{rel}","templated":true}]}}

<p>[et_pb_section bb_built=»1&#8243; admin_label=»section» background_color=»#383838&#8243; custom_padding_last_edited=»on|desktop» _builder_version=»3.0.47&#8243; custom_padding_tablet=»50px|0|50px|0&#8243; transparent_background=»off» padding_mobile=»off»][et_pb_row admin_label=»row» _builder_version=»3.0.47&#8243; background_size=»initial» background_position=»top_left» background_repeat=»repeat»][et_pb_column type=»1_3&#8243;][/et_pb_column][et_pb_column type=»2_3&#8243;][et_pb_text background_layout=»dark» _builder_version=»3.0.105&#8243; text_font_size=»14px» text_line_height=»1.5em» background_size=»initial» background_position=»top_left» background_repeat=»repeat» text_orientation=»right» module_alignment=»center» use_border_color=»off»]</p>
<p style="text-align: right;">Hay un camino que recorrimos en estos 35 años en los que hicimos docencia y que nos demuestra que la gente va tomando conciencia de que la dictadura nos afectó a todos, que los niños desaparecidos son de todos y los adultos también.<br />
<strong>Estela de Carlotto</strong></p>
<p>[/et_pb_text][/et_pb_column][/et_pb_row][et_pb_row admin_label=»row» _builder_version=»3.0.47&#8243; background_size=»initial» background_position=»top_left» background_repeat=»repeat»][et_pb_column type=»1_4&#8243;][/et_pb_column][et_pb_column type=»1_2&#8243;][et_pb_video src=»https://youtu.be/e_lJuBLek0A» _builder_version=»3.0.105&#8243;]</p>
<p>&nbsp;</p>
<p>[/et_pb_video][/et_pb_column][et_pb_column type=»1_4&#8243;][/et_pb_column][/et_pb_row][et_pb_row _builder_version=»3.0.47&#8243; background_size=»initial» background_position=»top_left» background_repeat=»repeat»][et_pb_column type=»4_4&#8243;][et_pb_toggle admin_label=»1. ELEMENTOS BÁSICOS DE ORIENTACIÓN» title=»1. ELEMENTOS BÁSICOS DE ORIENTACIÓN» _builder_version=»3.0.105&#8243; title_font_size=»30&#8243; body_line_height=»1.5em» background_size=»initial» background_position=»top_left» background_repeat=»repeat» text_orientation=»justified» use_border_color=»off» open=»off»]</p>
<p><strong>Título</strong>: BLANCO SOBRE BLANCO</p>
<p><strong>Género</strong>: Drama</p>
<p><strong>Autor</strong>: Alejandro Mateo, Alfredo Rosenbaum e Ita Scaramuzza</p>
<p><strong>Dirección</strong>: Gimena Campos y Gastón Carrica</p>
<p><strong>Compañía</strong>: Elenco Estable de LA CASA</p>
<p><strong>Sinopsis</strong>:</p>
<p>La obra es un espectáculo performático, donde se rompe con la estructura convencional del teatro de cámara, aquí el espectador no se sienta a ver y disfrutar de un hecho teatral que se desarrolla en el escenario, ya que podrá  vivenciar de forma directa con los actores de la propuesta estética, estando como parte fundamental e indispensable. En la obra, se habla puntualmente de la IDENTIDAD, pasando por la última dictadura militar argentina, tomándola como disparador y generando un paralelismo inmediato con el valor de la identidad.</p>
<p><strong>Publico Sugerido</strong>: Educación Secundaria (últimos años) / Terciaria / Educación de Adultos.</p>
<p>[/et_pb_toggle][et_pb_toggle admin_label=»2. MATERIAL SUGERIDO PARA EL TRABAJO PREVIO A LA VISITA» title=»2. MATERIAL SUGERIDO PARA EL TRABAJO PREVIO A LA FUNCIÓN» _builder_version=»3.0.105&#8243; title_font_size=»30&#8243; background_size=»initial» background_position=»top_left» background_repeat=»repeat» use_border_color=»off»]</p>
<ul>
<li>Buscar material sobre la última dictadura civico-militar argentina, testimonios que puedan aportar datos sobre lo vivido en esa época desde todos los aspectos posible, para un mayor entendimiento de la temática general de la obra y poder lograr que los jóvenes tengan una orientación sobre el contexto histórico que abarca la obra teatral.</li>
<li>Utilizar elementos audiovisuales, para poder lograr una mayor comprensión de los jóvenes sobre la época y la realidad de ese momento. Poder sumergirlos en esta idea de vivencia.</li>
<li>Apuntar preguntar que puedan surgir desde el involucrarse con esta temática, para poder luego realizarlas en el momento del debate posterior a la presentación.</li>
</ul>
<p>[/et_pb_toggle][et_pb_toggle admin_label=»3. ACTIVIDADES SUGERIDAS PARA DESPUÉS DE LA VISITA» title=»3. ACTIVIDADES SUGERIDAS PARA DESPUÉS DE LA FUNCIÓN» _builder_version=»3.0.105&#8243; title_font_size=»30&#8243; body_line_height=»1.5em» background_size=»initial» background_position=»top_left» background_repeat=»repeat» text_orientation=»justified» use_border_color=»off»]</p>
<p>Generar un primer acercamiento recordando el debate posterior a la función: De que se habló en el mismo, testimonio de los actores y las percepciones de la obra</p>
<p>&nbsp;</p>
<p><strong>ACTIVIDAD: EL TERRORISMO DE ESTADO Y LA APROPIACIÓN</strong></p>
<p>Buscar información en el libro “10 Postales por el Derecho a la Identidad” incluido en el material de apoyo, específicamente en las postales 1, 4 y 5: ¿Qué es el terrorismo de Estado? ¿A qué nos referimos cuando decimos que se trató de una apropiación sistemática? ¿Cómo definimos el delito de apropiación ilegal? ¿Qué es la Comisión Nacional por el Derecho a la Identidad? ¿En qué medida el Estado puede reparar los delitos cometidos? ¿Qué garantiza el Derecho a la Identidad? ¿Qué rol cumple en este sentido el Banco Nacional de Datos Genéticos?</p>
<p>&nbsp;</p>
<p><strong>ACTIVIDAD: IDENTIDAD</strong></p>
<ul>
<li>Buscar el significado de la palabra IDENTIDAD y sus diferentes definiciones: identidad cultural, colectiva, social, de género, etc.</li>
<li>Generar una red conceptual donde los alumnos puedan visualizar sus formas de definir la identidad y de poder obtener una identidad grupal de los compañeros en el aula.</li>
<li>Debatir: Al finalizar la obra cada uno de los actores se coloca en el escenario, dice sus nombre y repite la frase “conozco mi identidad y se quien soy”. ¿Por qué dicen esto?</li>
</ul>
<p>&nbsp;</p>
<p><strong>ACTIVIDAD: IDENTIDAD Y MEMORIA</strong></p>
<p>Buscar información en el libro “10 Postales por el Derecho a la Identidad”, incluido en el material de apoyo, específicamente en las postales 5, 7 y 10.</p>
<p>Analizar y debatir los conceptos de identidad y memoria. ¿La identidad es individual? ¿Cómo se constituye la identidad de una persona? ¿Qué lugar ocupa la familia? ¿Qué espacio tiene el resto de la sociedad en la identidad? ¿Cuáles fueron las principales discusiones sobre la restitución y la identidad en la esfera pública a lo largo de la historia de abuelas? ¿Cómo se construye la memoria? ¿Qué relación hay entre la memoria personal y la memoria colectiva? ¿Qué papel puede cumplir el “Archivo Biográfico Familiar” construido por abuelas? ¿Cuál es su importancia?</p>
<p>&nbsp;</p>
<p><strong>ACTIVIDAD: EL ÍNDICE DE ABUELIDAD</strong></p>
<p>Al inicio de la obra uno de los actores habla del “índice de abuelidad”. Buscar información en el libro “10 Postales por el Derecho a la Identidad” incluido en el material de apoyo, específicamente en las postales 2, 3 y 4.</p>
<p>¿Qué es el “Índice de abuelidad”? ¿Cuáles son los dilemas de la restitución? ¿Por qué sólo con la genética no alcanza para recuperar la identidad robada? ¿Cuál es el límite de la ciencia?</p>
<p>[/et_pb_toggle][et_pb_toggle admin_label=»4. MATERIAL DE APOYO PARA ALUMNOS, DOCENTES Y VECINOS » title=»4. MATERIAL DE APOYO PARA ALUMNOS Y DOCENTES » _builder_version=»3.0.105&#8243; title_font_size=»30&#8243; body_line_height=»1.5em» text_orientation=»justified» use_border_color=»off» open=»off»]</p>
<p>Pagina Oficial de las Abuelas de Plaza de Mayo: <a href="https://www.abuelas.org.ar/">https://www.abuelas.org.ar/</a></p>
<p>&nbsp;</p>
<p><strong>El texto de la obra</strong></p>
<p>MATEO, A y otros: BLANCO SOBRE BLANCO</p>
<p>&nbsp;</p>
<p><strong>Lecturas</strong></p>
<p>El Nunca Más</p>
<p>Abuelas de Plaza de Mayo (2008). ¿Quién Soy Yo?. Buenos Aires, Argentina.</p>
<p>Abuelas de Plaza de Mayo (2010). 10 Postales por el Derecho a la Identidad.</p>
<p>&nbsp;</p>
<p><strong>En la Videoteca</strong></p>
<p>Crónica de una Conspiración</p>
<p>&nbsp;</p>
<p><strong>Otros Links Sugeridos</strong></p>
<p>Proyecto desaparecidos: Memoria, verdad y justicia: <a href="http://www.desaparecidos.org/main.html">http://www.desaparecidos.org/main.html</a></p>
<p>&nbsp;</p>
<p>&nbsp;</p>
<p>[/et_pb_toggle][/et_pb_column][/et_pb_row][/et_pb_section]</p>

<p>[et_pb_section bb_built=»1&#8243; admin_label=»section» background_color=»#383838&#8243; custom_padding_last_edited=»on|desktop» _builder_version=»3.0.47&#8243; custom_padding_tablet=»50px|0|50px|0&#8243; transparent_background=»off» padding_mobile=»off»][et_pb_row admin_label=»row» _builder_version=»3.0.47&#8243; background_size=»initial» background_position=»top_left» background_repeat=»repeat»][et_pb_column type=»1_3&#8243;][/et_pb_column][et_pb_column type=»2_3&#8243;][et_pb_text background_layout=»dark» _builder_version=»3.0.105&#8243; text_font_size=»14px» text_line_height=»1.5em» background_size=»initial» background_position=»top_left» background_repeat=»repeat» text_orientation=»right» module_alignment=»center» use_border_color=»off»] Hay un camino que recorrimos en estos 35 años en los que hicimos docencia y que nos demuestra que la gente va tomando conciencia de que la dictadura nos [&hellip;]</p>
