{"id":1278,"date":"2020-01-21T15:27:21","date_gmt":"2020-01-21T15:27:21","guid":{"rendered":"http:\/\/www.hecultura.com\/primerafuncion\/?page_id=1278"},"modified":"2020-01-21T18:18:27","modified_gmt":"2020-01-21T18:18:27","slug":"politicamente-sociales","status":"publish","type":"page","link":"https:\/\/www.lacasaclaypole.org.ar\/primerafuncion\/politicamente-sociales\/","title":{"rendered":""},"content":{"rendered":"<p>[et_pb_section fb_built=\u00bb1&#8243; background_color=\u00bb#383838&#8243; admin_label=\u00bbsection\u00bb custom_padding_last_edited=\u00bbon|desktop\u00bb _builder_version=\u00bb3.0.47&#8243; custom_padding_tablet=\u00bb50px|0|50px|0&#8243; transparent_background=\u00bboff\u00bb padding_mobile=\u00bboff\u00bb][et_pb_row admin_label=\u00bbrow\u00bb _builder_version=\u00bb3.0.47&#8243; background_size=\u00bbinitial\u00bb background_position=\u00bbtop_left\u00bb background_repeat=\u00bbrepeat\u00bb][et_pb_column type=\u00bb1_3&#8243; _builder_version=\u00bb3.0.47&#8243; parallax=\u00bboff\u00bb parallax_method=\u00bbon\u00bb][\/et_pb_column][et_pb_column type=\u00bb2_3&#8243; _builder_version=\u00bb3.0.47&#8243; parallax=\u00bboff\u00bb parallax_method=\u00bbon\u00bb][et_pb_text background_layout=\u00bbdark\u00bb _builder_version=\u00bb3.0.105&#8243; text_font_size=\u00bb14px\u00bb text_line_height=\u00bb1.5em\u00bb background_size=\u00bbinitial\u00bb background_position=\u00bbtop_left\u00bb background_repeat=\u00bbrepeat\u00bb text_orientation=\u00bbright\u00bb module_alignment=\u00bbcenter\u00bb use_border_color=\u00bboff\u00bb]<\/p>\n<p style=\"text-align: right;\">La soledad de mi mano se da con otras<br \/>\nBuscando dejar lo suyo por los dem\u00e1s<br \/>\nQue a mano herida que suelta sus armamentos<br \/>\nHay que enamorarla con la m\u00eda o todas que los van a alzar<br \/>\nQue los van a alzar<br \/>\n<strong>Daniel Vigietti &#8211; A Soledad Barret<\/strong><\/p>\n<p>[\/et_pb_text][\/et_pb_column][\/et_pb_row][et_pb_row admin_label=\u00bbrow\u00bb _builder_version=\u00bb3.0.47&#8243; background_size=\u00bbinitial\u00bb background_position=\u00bbtop_left\u00bb background_repeat=\u00bbrepeat\u00bb][et_pb_column type=\u00bb1_4&#8243; _builder_version=\u00bb3.0.47&#8243; parallax=\u00bboff\u00bb parallax_method=\u00bbon\u00bb][\/et_pb_column][et_pb_column type=\u00bb1_2&#8243; _builder_version=\u00bb3.0.47&#8243; parallax=\u00bboff\u00bb parallax_method=\u00bbon\u00bb][et_pb_video src=\u00bbhttps:\/\/youtu.be\/Y_qNu01s7f4&#8243; _builder_version=\u00bb3.0.105&#8243;][\/et_pb_video][\/et_pb_column][et_pb_column type=\u00bb1_4&#8243; _builder_version=\u00bb3.0.47&#8243; parallax=\u00bboff\u00bb parallax_method=\u00bbon\u00bb][\/et_pb_column][\/et_pb_row][et_pb_row _builder_version=\u00bb3.0.47&#8243; background_size=\u00bbinitial\u00bb background_position=\u00bbtop_left\u00bb background_repeat=\u00bbrepeat\u00bb][et_pb_column type=\u00bb4_4&#8243; _builder_version=\u00bb3.0.47&#8243; parallax=\u00bboff\u00bb parallax_method=\u00bbon\u00bb][et_pb_toggle title=\u00bb1. ELEMENTOS B\u00c1SICOS DE ORIENTACI\u00d3N\u00bb admin_label=\u00bb1. ELEMENTOS B\u00c1SICOS DE ORIENTACI\u00d3N\u00bb _builder_version=\u00bb3.0.105&#8243; title_font_size=\u00bb30&#8243; body_line_height=\u00bb1.5em\u00bb background_size=\u00bbinitial\u00bb background_position=\u00bbtop_left\u00bb background_repeat=\u00bbrepeat\u00bb text_orientation=\u00bbjustified\u00bb use_border_color=\u00bboff\u00bb]<strong>T\u00edtulo<\/strong>: POL\u00cdTICAMENTE SOCIALES<\/p>\n<p><strong>G\u00e9nero<\/strong>: Drama Pol\u00edtico<\/p>\n<p><strong>Autor<\/strong>: Creaci\u00f3n colectiva del Espacio de Debate y Cultura LA CASA<\/p>\n<p><strong>Direcci\u00f3n<\/strong>: Gimena Campos y Gast\u00f3n Carrica<\/p>\n<p><strong>Compa\u00f1\u00eda<\/strong>: Elenco de LA CASA<\/p>\n<p><strong>Sinopsis<\/strong>:<\/p>\n<p>7 personajes, 7 pa\u00edses latinoamericanos siete historias de compromiso pol\u00edtico que dejaron una huella profunda en la historia social reciente de Latinoam\u00e9rica.<br \/>\nLa imagen de la mujer como precursora de la lucha social, activistas por los derechos humanos y por el cuidado de los recursos ambientales.<\/p>\n<p><strong>Publico Sugerido<\/strong>: Educaci\u00f3n Secundaria \/ Terciaria \/ Educaci\u00f3n de Adultos.[\/et_pb_toggle][et_pb_toggle title=\u00bb2. MATERIAL SUGERIDO PARA EL TRABAJO PREVIO A LA FUNCI\u00d3N\u00bb admin_label=\u00bb2. MATERIAL SUGERIDO PARA EL TRABAJO PREVIO A LA VISITA\u00bb _builder_version=\u00bb3.0.105&#8243; title_font_size=\u00bb30&#8243; background_size=\u00bbinitial\u00bb background_position=\u00bbtop_left\u00bb background_repeat=\u00bbrepeat\u00bb use_border_color=\u00bboff\u00bb]Buscar informaci\u00f3n sobre los personajes de la obra: Rodolfo Walsh, Domitila Barrios de Chugara, Soledad Barret, Marielle Franco, Victor Jara, Monse\u00f1or Arnulfo Romero, Rigoberta Menchu[\/et_pb_toggle][et_pb_toggle title=\u00bb3. ACTIVIDADES SUGERIDAS PARA DESPU\u00c9S DE LA FUNCI\u00d3N\u00bb admin_label=\u00bb3. ACTIVIDADES SUGERIDAS PARA DESPU\u00c9S DE LA VISITA\u00bb _builder_version=\u00bb3.0.105&#8243; title_font_size=\u00bb30&#8243; body_line_height=\u00bb1.5em\u00bb background_size=\u00bbinitial\u00bb background_position=\u00bbtop_left\u00bb background_repeat=\u00bbrepeat\u00bb text_orientation=\u00bbjustified\u00bb use_border_color=\u00bboff\u00bb]<strong>ACTIVIDAD: G\u00c9NERO<\/strong><\/p>\n<p>Buscar datos sobre la situaci\u00f3n de g\u00e9nero en los pa\u00edses latinoamericanos y debatirlos en el aula. Convocar especialistas en el tema y organizar una charla-debate en el aula.<\/p>\n<p><strong>ACTIVIDAD: AN\u00c1LISIS DE LA OBRA<\/strong><\/p>\n<p>\u00bfQu\u00e9 sensaciones provoca la obra? (pena, alegr\u00eda, contradicci\u00f3n, l\u00e1stima, nostalgia, angustia, etc.) \u00bfen que momentos?<\/p>\n<p>Localizar en el texto de la obra y analizar los siguiente p\u00e1rrafos:<\/p>\n<ul>\n<li>\u201cPudiste ser actriz, modelo, miss Paraguay, Car\u00e1tula, almanaque, qui\u00e9n sabe cu\u00e1ntas cosas m\u00e1s\u201d<\/li>\n<li>\u201cQuiz\u00e1s, fue mi lucha por el aborto legal, seguro y gratuito\u2026\u201d<\/li>\n<li>\u201cSalgan a las calles\u201d<\/li>\n<li>\u201cCelos enfermizos o maltrato ps\u00edquico\u201d<\/li>\n<li>\u201cMucha muerte y sangre derramada, ella la que lucha, mujer justicia\u201d<\/li>\n<li>\u201cCuando le golpean la mejilla, le hab\u00edan ense\u00f1ado, que el verdadero cristiano ofrece la otra, yo ya no tengo mejilla que ofrecer, comprueba Rigoberta\u201d<\/li>\n<li>\u201cSintetiza su historia de vida, y la lucha de las amas de casa de las minas bolivianas, por la democracia y la justicia\u201d<\/li>\n<\/ul>\n<p>[\/et_pb_toggle][et_pb_toggle title=\u00bb4. MATERIAL DE APOYO PARA ALUMNOS Y DOCENTES \u00bb admin_label=\u00bb4. MATERIAL DE APOYO PARA ALUMNOS, DOCENTES Y VECINOS \u00bb _builder_version=\u00bb3.0.105&#8243; title_font_size=\u00bb30&#8243; body_line_height=\u00bb1.5em\u00bb text_orientation=\u00bbjustified\u00bb use_border_color=\u00bboff\u00bb]<strong>El texto de la obra<\/strong><\/p>\n<p>Texto Colectivo: POL\u00cdTICAMENTE SOCIALES<\/p>\n<p><strong>En la Videoteca<\/strong><\/p>\n<p>Domitila Barrios de Chungara<br \/>\nMarielle Franco<br \/>\nRigoberta Mench\u00fa<br \/>\nSoledad Barret[\/et_pb_toggle][\/et_pb_column][\/et_pb_row][\/et_pb_section][et_pb_section fb_built=\u00bb1&#8243; fullwidth=\u00bbon\u00bb _builder_version=\u00bb3.0.105&#8243;][et_pb_fullwidth_code _builder_version=\u00bb3.0.105&#8243;][\/et_pb_fullwidth_code][\/et_pb_section]<\/p>\n","protected":false},"excerpt":{"rendered":"<p>[et_pb_section fb_built=\u00bb1&#8243; background_color=\u00bb#383838&#8243; admin_label=\u00bbsection\u00bb custom_padding_last_edited=\u00bbon|desktop\u00bb _builder_version=\u00bb3.0.47&#8243; custom_padding_tablet=\u00bb50px|0|50px|0&#8243; transparent_background=\u00bboff\u00bb padding_mobile=\u00bboff\u00bb][et_pb_row admin_label=\u00bbrow\u00bb _builder_version=\u00bb3.0.47&#8243; background_size=\u00bbinitial\u00bb background_position=\u00bbtop_left\u00bb background_repeat=\u00bbrepeat\u00bb][et_pb_column type=\u00bb1_3&#8243; _builder_version=\u00bb3.0.47&#8243; parallax=\u00bboff\u00bb parallax_method=\u00bbon\u00bb][\/et_pb_column][et_pb_column type=\u00bb2_3&#8243; _builder_version=\u00bb3.0.47&#8243; parallax=\u00bboff\u00bb parallax_method=\u00bbon\u00bb][et_pb_text background_layout=\u00bbdark\u00bb _builder_version=\u00bb3.0.105&#8243; text_font_size=\u00bb14px\u00bb text_line_height=\u00bb1.5em\u00bb background_size=\u00bbinitial\u00bb background_position=\u00bbtop_left\u00bb background_repeat=\u00bbrepeat\u00bb text_orientation=\u00bbright\u00bb module_alignment=\u00bbcenter\u00bb use_border_color=\u00bboff\u00bb] La soledad de mi mano se da con otras Buscando dejar lo suyo por los dem\u00e1s Que a mano herida que suelta sus [&hellip;]<\/p>\n","protected":false},"author":2,"featured_media":0,"parent":0,"menu_order":0,"comment_status":"closed","ping_status":"closed","template":"","meta":[],"_links":{"self":[{"href":"https:\/\/www.lacasaclaypole.org.ar\/primerafuncion\/wp-json\/wp\/v2\/pages\/1278"}],"collection":[{"href":"https:\/\/www.lacasaclaypole.org.ar\/primerafuncion\/wp-json\/wp\/v2\/pages"}],"about":[{"href":"https:\/\/www.lacasaclaypole.org.ar\/primerafuncion\/wp-json\/wp\/v2\/types\/page"}],"author":[{"embeddable":true,"href":"https:\/\/www.lacasaclaypole.org.ar\/primerafuncion\/wp-json\/wp\/v2\/users\/2"}],"replies":[{"embeddable":true,"href":"https:\/\/www.lacasaclaypole.org.ar\/primerafuncion\/wp-json\/wp\/v2\/comments?post=1278"}],"version-history":[{"count":9,"href":"https:\/\/www.lacasaclaypole.org.ar\/primerafuncion\/wp-json\/wp\/v2\/pages\/1278\/revisions"}],"predecessor-version":[{"id":1310,"href":"https:\/\/www.lacasaclaypole.org.ar\/primerafuncion\/wp-json\/wp\/v2\/pages\/1278\/revisions\/1310"}],"wp:attachment":[{"href":"https:\/\/www.lacasaclaypole.org.ar\/primerafuncion\/wp-json\/wp\/v2\/media?parent=1278"}],"curies":[{"name":"wp","href":"https:\/\/api.w.org\/{rel}","templated":true}]}}