{"id":41,"date":"2016-07-26T15:03:24","date_gmt":"2016-07-26T15:03:24","guid":{"rendered":"http:\/\/www.hecultura.com\/fecic\/?page_id=41"},"modified":"2025-11-11T02:10:46","modified_gmt":"2025-11-11T02:10:46","slug":"inscripciones","status":"publish","type":"page","link":"https:\/\/www.lacasaclaypole.org.ar\/fecic\/inscripciones\/","title":{"rendered":"Bases y Reglamento"},"content":{"rendered":"<p>[et_pb_section fb_built=\u00bb1&#8243; fullwidth=\u00bbon\u00bb custom_padding_last_edited=\u00bbon|desktop\u00bb admin_label=\u00bbSecci\u00f3n\u00bb _builder_version=\u00bb4.10.4&#8243; background_color=\u00bb#ffffff\u00bb background_image=\u00bbhttps:\/\/www.lacasaclaypole.org.ar\/fecic\/wp-content\/uploads\/2024\/08\/BANNER-WEB-2-scaled.jpg\u00bb custom_padding_tablet=\u00bb50px|0|50px|0&#8243; custom_padding_phone=\u00bb\u00bb transparent_background=\u00bboff\u00bb padding_mobile=\u00bboff\u00bb make_fullwidth=\u00bboff\u00bb use_custom_width=\u00bboff\u00bb width_unit=\u00bbon\u00bb global_colors_info=\u00bb{}\u00bb][et_pb_fullwidth_header title=\u00bbBASES\u00bb subhead=\u00bbFESTIVAL DE CINE INDEPENDIENTE DE CLAYPOLE XI EDICI\u00d3N\u00bb background_overlay_color=\u00bbrgba(0,0,0,0)\u00bb content_max_width=\u00bbnone\u00bb admin_label=\u00bbT\u00edtulo de anchura completa\u00bb _builder_version=\u00bb4.10.4&#8243; background_color=\u00bbrgba(255, 255, 255, 0)\u00bb background_image=\u00bbhttps:\/\/www.lacasaclaypole.org.ar\/fecic\/wp-content\/uploads\/2025\/08\/banner-solapas.jpg\u00bb custom_padding=\u00bb||134px|||\u00bb background_url=\u00bbhttps:\/\/www.lacasaclaypole.org.ar\/fecic\/wp-content\/uploads\/2021\/08\/BANNER-PEQUEN\u0303O.jpg\u00bb button_one_letter_spacing_hover=\u00bb0&#8243; button_two_letter_spacing_hover=\u00bb0&#8243; global_colors_info=\u00bb{}\u00bb button_one_text_size__hover_enabled=\u00bboff\u00bb button_two_text_size__hover_enabled=\u00bboff\u00bb button_one_text_color__hover_enabled=\u00bboff\u00bb button_two_text_color__hover_enabled=\u00bboff\u00bb button_one_border_width__hover_enabled=\u00bboff\u00bb button_two_border_width__hover_enabled=\u00bboff\u00bb button_one_border_color__hover_enabled=\u00bboff\u00bb button_two_border_color__hover_enabled=\u00bboff\u00bb button_one_border_radius__hover_enabled=\u00bboff\u00bb button_two_border_radius__hover_enabled=\u00bboff\u00bb button_one_letter_spacing__hover_enabled=\u00bbon\u00bb button_one_letter_spacing__hover=\u00bb0&#8243; button_two_letter_spacing__hover_enabled=\u00bbon\u00bb button_two_letter_spacing__hover=\u00bb0&#8243; button_one_bg_color__hover_enabled=\u00bboff\u00bb button_two_bg_color__hover_enabled=\u00bboff\u00bb][\/et_pb_fullwidth_header][\/et_pb_section][et_pb_section fb_built=\u00bb1&#8243; custom_padding_last_edited=\u00bbon|desktop\u00bb admin_label=\u00bbsection\u00bb _builder_version=\u00bb4.10.4&#8243; background_color=\u00bb#eae5e5&#8243; min_height=\u00bb2278.6px\u00bb custom_padding=\u00bb6px||3px|||\u00bb custom_padding_tablet=\u00bb50px|0|50px|0&#8243; custom_padding_phone=\u00bb\u00bb transparent_background=\u00bboff\u00bb padding_mobile=\u00bboff\u00bb make_fullwidth=\u00bboff\u00bb use_custom_width=\u00bboff\u00bb width_unit=\u00bbon\u00bb global_colors_info=\u00bb{}\u00bb][et_pb_row column_structure=\u00bb1_3,1_3,1_3&#8243; admin_label=\u00bbrow\u00bb _builder_version=\u00bb4.10.4&#8243; background_color=\u00bb#eae5e5&#8243; use_background_color_gradient=\u00bbon\u00bb background_color_gradient_start=\u00bb#eae5e5&#8243; background_color_gradient_end=\u00bb#eae5e5&#8243; background_color_gradient_direction=\u00bb1deg\u00bb background_size=\u00bbinitial\u00bb background_position=\u00bbtop_left\u00bb background_repeat=\u00bbrepeat\u00bb min_height=\u00bb124.9px\u00bb global_colors_info=\u00bb{}\u00bb][et_pb_column type=\u00bb1_3&#8243; _builder_version=\u00bb3.25&#8243; custom_padding=\u00bb|||\u00bb global_colors_info=\u00bb{}\u00bb custom_padding__hover=\u00bb|||\u00bb][\/et_pb_column][et_pb_column type=\u00bb1_3&#8243; _builder_version=\u00bb3.25&#8243; custom_padding=\u00bb|||\u00bb global_colors_info=\u00bb{}\u00bb custom_padding__hover=\u00bb|||\u00bb][et_pb_countdown_timer title=\u00bbPROYECCI\u00d3N Y PREMIACI\u00d3N\u00bb date_time=\u00bb2025-12-06 23:59&#8243; admin_label=\u00bbTemporizador de cuenta atr\u00e1s\u00bb _builder_version=\u00bb4.10.4&#8243; header_font=\u00bb|on|||\u00bb header_text_color=\u00bb#000000&#8243; header_font_size=\u00bb12px\u00bb header_line_height=\u00bb1.3em\u00bb numbers_font=\u00bb|on|||\u00bb numbers_text_color=\u00bb#000000&#8243; numbers_font_size=\u00bb20px\u00bb use_background_color=\u00bboff\u00bb background_image=\u00bbhttps:\/\/www.lacasaclaypole.org.ar\/fecic\/wp-content\/uploads\/2025\/08\/TEMPORIZADOR.jpg\u00bb background_size=\u00bbinitial\u00bb background_repeat=\u00bbrepeat\u00bb background_layout=\u00bblight\u00bb custom_margin=\u00bb0px|0px|0px|0px\u00bb custom_margin_tablet=\u00bb\u00bb custom_margin_phone=\u00bb\u00bb custom_margin_last_edited=\u00bbon|\u00bb global_colors_info=\u00bb{}\u00bb]&nbsp;<br \/>\n[\/et_pb_countdown_timer][\/et_pb_column][et_pb_column type=\u00bb1_3&#8243; _builder_version=\u00bb3.25&#8243; custom_padding=\u00bb|||\u00bb global_colors_info=\u00bb{}\u00bb custom_padding__hover=\u00bb|||\u00bb][\/et_pb_column][\/et_pb_row][et_pb_row admin_label=\u00bbrow\u00bb _builder_version=\u00bb4.10.4&#8243; background_color=\u00bb#eae5e5&#8243; background_size=\u00bbinitial\u00bb background_position=\u00bbtop_left\u00bb background_repeat=\u00bbrepeat\u00bb global_colors_info=\u00bb{}\u00bb][et_pb_column type=\u00bb4_4&#8243; _builder_version=\u00bb3.25&#8243; custom_padding=\u00bb|||\u00bb global_colors_info=\u00bb{}\u00bb custom_padding__hover=\u00bb|||\u00bb][et_pb_text admin_label=\u00bbTexto\u00bb _builder_version=\u00bb4.10.4&#8243; text_text_color=\u00bb#666666&#8243; background_size=\u00bbinitial\u00bb background_position=\u00bbtop_left\u00bb background_repeat=\u00bbrepeat\u00bb hover_enabled=\u00bb0&#8243; use_border_color=\u00bboff\u00bb border_color=\u00bb#ffffff\u00bb border_style=\u00bbsolid\u00bb global_colors_info=\u00bb{}\u00bb sticky_enabled=\u00bb0&#8243;]<\/p>\n<h1>BASES Y REGLAMENTO<\/h1>\n<h2>INTRODUCCI\u00d3N<\/h2>\n<p>El FESTIVAL DE CINE INDEPENDIENTE DE CLAYPOLE (FECIC) es organizado por el Grupo de Cine del Espacio de Debate &amp; Cultura LA CASA. En su decimoprimera edici\u00f3n el festival incluir\u00e1 en competencia \u00fanicamente cortometrajes con una duraci\u00f3n m\u00e1xima de 20 minutos, en las modalidades CORTOMETRAJE DOCUMENTAL y CORTOMETRAJE DE FICCI\u00d3N. Adem\u00e1s en la XI Edici\u00f3n se incluir\u00e1 la categor\u00eda CORTOMETRAJE DE ANIMACI\u00d3N INFANTIL.<\/p>\n<h2>\u00a0<\/h2>\n<h2>PARTICIPACI\u00d3N<\/h2>\n<p>Podr\u00e1n participar de la competencia oficial del festival, cortometrajes de Ficci\u00f3n y Documentales, en cualquier formato de filmaci\u00f3n, finalizados despu\u00e9s de diciembre de 2021, con tem\u00e1tica libre y realizados en cualquier pa\u00eds latinoamericano, en idioma original espa\u00f1ol o bien doblados o subtitulados.<br \/>Los filmes deber\u00e1n ser inscriptos en el festival indefectiblemente hasta el 19 de octubre de 2025 y solamente ser\u00e1n aceptados aquellos trabajos presentados conforme este reglamento, con ficha de inscripci\u00f3n completa, incluyendo obligatoriamente el link del material en YouTube o Vimeo.<br \/>No ser\u00e1 aceptado ning\u00fan material enviado por otro medio (correo postal, correo electr\u00f3nico, entrega personal, etc.).<\/p>\n<h2>\u00a0<\/h2>\n<h2>SELECCI\u00d3N<\/h2>\n<p>Una vez cerrada la inscripci\u00f3n se iniciar\u00e1 la etapa previa de selecci\u00f3n por el jurado. Si un cortometraje resulta seleccionado se notificar\u00e1 inmediatamente al responsable de la inscripci\u00f3n para que pueda ser representado durante su exhibici\u00f3n. Una vez inscripta y seleccionada, la pel\u00edcula no podr\u00e1 ser retirada de la programaci\u00f3n del Festival.<br \/>Los cortometrajes seleccionados deber\u00e1n enviar al momento de su notificaci\u00f3n un link con el film para descarga en wetransfer o dropbox, para su proyecci\u00f3n el d\u00eda de la exhibici\u00f3n.<br \/>Adem\u00e1s se deber\u00e1 enviar por correo electr\u00f3nico la ficha t\u00e9cnica completa, link del tr\u00e1iler en youtube o vimeo (en caso de que lo tuviese), 3 fotograf\u00edas de la pel\u00edcula o frames de 300px x 170 px, afiche (en caso de que lo tuviese) en archivo de imagen (jpg o png). Este material ser\u00e1 cedido al organizador para ser utilizado en cat\u00e1logos, comunicaciones de prensa, redes sociales y cualquier otra difusi\u00f3n referida a este festival o sus futuras ediciones.<\/p>\n<h2>\u00a0<\/h2>\n<h2>PROYECCI\u00d3N Y PREMIACI\u00d3N<\/h2>\n<p>Las proyecciones, definici\u00f3n de los filmes premiados y entrega de premios ser\u00e1n realizadas de acuerdo al siguiente cronograma<\/p>\n<p>S\u00c1BADO 6 DE DICIEMBRE DE 2025<br \/>Proyecci\u00f3n de las Secciones Ficci\u00f3n y Documental<br \/>Colecta del voto del p\u00fablico<br class=\"\" \/>Entrega de Premios<\/p>\n<p>Al finalizar las proyecciones, y una vez reunido el jurado y consensuada la resoluci\u00f3n, se realizar\u00e1n las premiaciones correspondientes.<br \/>Se otorgar\u00e1n los siguientes premios, que una vez designadas tendr\u00e1n car\u00e1cter inapelable:<\/p>\n<p>MEJOR CORTOMETRAJE DOCUMENTAL<\/p>\n<p>MEJOR CORTOMETRAJE DE FICCI\u00d3N<\/p>\n<p>MEJOR CORTOMETRAJE DE ANIMACI\u00d3N INFANTIL<\/p>\n<p>PREMIO DEL P\u00daBLICO AL MEJOR CORTOMETRAJE<\/p>\n<p>PREMIO DEL P\u00daBLICO AL MEJOR CORTOMETRAJE DE ANIMACI\u00d3N INFANTIL<\/p>\n<h2>\u00a0<\/h2>\n<h2>ITINERANCIAS<\/h2>\n<p>7, 8 y 9 de diciembre de 2024 en espacios p\u00fablicos a definir.<\/p>\n<p>&nbsp;<\/p>\n<h2>AGENDA<\/h2>\n<p>Inscripciones hasta: 19 de octubre de 2025<\/p>\n<p>Seleccionados: 10 de noviembre de 2025<\/p>\n<p>Proyecciones, definici\u00f3n de los filmes premiados y entrega de premios: 6 de diciembre de 2025<\/p>\n<p>Itinerancias: 7, 8 y 9 de diciembre de 2025<\/p>\n<h2>\u00a0<\/h2>\n<h2>CL\u00c1USULA FINAL<\/h2>\n<p>En ning\u00fan caso el organizador se har\u00e1 cargo de gastos de env\u00edo, transporte, alojamiento o vi\u00e1tico de cualquier naturaleza referentes al material o a los participantes.<br \/>La participaci\u00f3n en el Festival implica la aceptaci\u00f3n de las bases y reglamento del concurso. La Organizaci\u00f3n del FECIC resolver\u00e1 todo asunto no contemplado en el presente documento.<\/p>\n<h2>\u00a0<\/h2>\n<h2>CONTACTO<\/h2>\n<p>Espacio de Debate &amp; Cultura LA CASA<br \/>Collet 1021, Claypole<br \/>www.lacasaclaypole.org.ar\/fecic<br \/>fecic@lacasaclaypole.org.ar<br \/>Formulario de Inscripci\u00f3n:<span style=\"text-decoration: underline; color: #808080;\"> <strong><a style=\"color: #808080; text-decoration: underline;\" href=\"https:\/\/www.lacasaclaypole.org.ar\/fecic\/formulario-de-inscripcion\/\">HACER CLICK AQU\u00cd<\/a><\/strong><\/span><\/p>\n<p>[\/et_pb_text][\/et_pb_column][\/et_pb_row][\/et_pb_section]<\/p>\n","protected":false},"excerpt":{"rendered":"<p>&nbsp; BASES Y REGLAMENTO INTRODUCCI\u00d3N El FESTIVAL DE CINE INDEPENDIENTE DE CLAYPOLE (FECIC) es organizado por el Grupo de Cine del Espacio de Debate &amp; Cultura LA CASA. En su decimoprimera edici\u00f3n el festival incluir\u00e1 en competencia \u00fanicamente cortometrajes con una duraci\u00f3n m\u00e1xima de 20 minutos, en las modalidades CORTOMETRAJE DOCUMENTAL y CORTOMETRAJE DE FICCI\u00d3N. [&hellip;]<\/p>\n","protected":false},"author":1,"featured_media":0,"parent":0,"menu_order":0,"comment_status":"closed","ping_status":"closed","template":"","meta":{"_et_pb_use_builder":"on","_et_pb_old_content":"","_et_gb_content_width":""},"_links":{"self":[{"href":"https:\/\/www.lacasaclaypole.org.ar\/fecic\/wp-json\/wp\/v2\/pages\/41"}],"collection":[{"href":"https:\/\/www.lacasaclaypole.org.ar\/fecic\/wp-json\/wp\/v2\/pages"}],"about":[{"href":"https:\/\/www.lacasaclaypole.org.ar\/fecic\/wp-json\/wp\/v2\/types\/page"}],"author":[{"embeddable":true,"href":"https:\/\/www.lacasaclaypole.org.ar\/fecic\/wp-json\/wp\/v2\/users\/1"}],"replies":[{"embeddable":true,"href":"https:\/\/www.lacasaclaypole.org.ar\/fecic\/wp-json\/wp\/v2\/comments?post=41"}],"version-history":[{"count":137,"href":"https:\/\/www.lacasaclaypole.org.ar\/fecic\/wp-json\/wp\/v2\/pages\/41\/revisions"}],"predecessor-version":[{"id":2058,"href":"https:\/\/www.lacasaclaypole.org.ar\/fecic\/wp-json\/wp\/v2\/pages\/41\/revisions\/2058"}],"wp:attachment":[{"href":"https:\/\/www.lacasaclaypole.org.ar\/fecic\/wp-json\/wp\/v2\/media?parent=41"}],"curies":[{"name":"wp","href":"https:\/\/api.w.org\/{rel}","templated":true}]}}

<p>[et_pb_section fb_built=»1&#8243; fullwidth=»on» custom_padding_last_edited=»on|desktop» admin_label=»Sección» _builder_version=»4.10.4&#8243; background_color=»#ffffff» background_image=»https://www.lacasaclaypole.org.ar/fecic/wp-content/uploads/2024/08/BANNER-WEB-2-scaled.jpg» custom_padding_tablet=»50px|0|50px|0&#8243; custom_padding_phone=»» transparent_background=»off» padding_mobile=»off» make_fullwidth=»off» use_custom_width=»off» width_unit=»on» global_colors_info=»{}»][et_pb_fullwidth_header title=»BASES» subhead=»FESTIVAL DE CINE INDEPENDIENTE DE CLAYPOLE XI EDICIÓN» background_overlay_color=»rgba(0,0,0,0)» content_max_width=»none» admin_label=»Título de anchura completa» _builder_version=»4.10.4&#8243; background_color=»rgba(255, 255, 255, 0)» background_image=»https://www.lacasaclaypole.org.ar/fecic/wp-content/uploads/2025/08/banner-solapas.jpg» custom_padding=»||134px|||» background_url=»https://www.lacasaclaypole.org.ar/fecic/wp-content/uploads/2021/08/BANNER-PEQUEÑO.jpg» button_one_letter_spacing_hover=»0&#8243; button_two_letter_spacing_hover=»0&#8243; global_colors_info=»{}» button_one_text_size__hover_enabled=»off» button_two_text_size__hover_enabled=»off» button_one_text_color__hover_enabled=»off» button_two_text_color__hover_enabled=»off» button_one_border_width__hover_enabled=»off» button_two_border_width__hover_enabled=»off» button_one_border_color__hover_enabled=»off» button_two_border_color__hover_enabled=»off» button_one_border_radius__hover_enabled=»off» button_two_border_radius__hover_enabled=»off» button_one_letter_spacing__hover_enabled=»on» button_one_letter_spacing__hover=»0&#8243; button_two_letter_spacing__hover_enabled=»on» button_two_letter_spacing__hover=»0&#8243; button_one_bg_color__hover_enabled=»off» button_two_bg_color__hover_enabled=»off»][/et_pb_fullwidth_header][/et_pb_section][et_pb_section fb_built=»1&#8243; custom_padding_last_edited=»on|desktop» admin_label=»section» _builder_version=»4.10.4&#8243; background_color=»#eae5e5&#8243; min_height=»2278.6px» custom_padding=»6px||3px|||» custom_padding_tablet=»50px|0|50px|0&#8243; custom_padding_phone=»» transparent_background=»off» padding_mobile=»off» make_fullwidth=»off» use_custom_width=»off» width_unit=»on» global_colors_info=»{}»][et_pb_row column_structure=»1_3,1_3,1_3&#8243; admin_label=»row» _builder_version=»4.10.4&#8243; background_color=»#eae5e5&#8243; use_background_color_gradient=»on» background_color_gradient_start=»#eae5e5&#8243; background_color_gradient_end=»#eae5e5&#8243; background_color_gradient_direction=»1deg» background_size=»initial» background_position=»top_left» background_repeat=»repeat» min_height=»124.9px» global_colors_info=»{}»][et_pb_column type=»1_3&#8243; _builder_version=»3.25&#8243; custom_padding=»|||» global_colors_info=»{}» custom_padding__hover=»|||»][/et_pb_column][et_pb_column type=»1_3&#8243; _builder_version=»3.25&#8243; custom_padding=»|||» global_colors_info=»{}» custom_padding__hover=»|||»][et_pb_countdown_timer title=»PROYECCIÓN Y PREMIACIÓN» date_time=»2025-12-06 23:59&#8243; admin_label=»Temporizador de cuenta atrás» _builder_version=»4.10.4&#8243; header_font=»|on|||» header_text_color=»#000000&#8243; header_font_size=»12px» header_line_height=»1.3em» numbers_font=»|on|||» numbers_text_color=»#000000&#8243; numbers_font_size=»20px» use_background_color=»off» background_image=»https://www.lacasaclaypole.org.ar/fecic/wp-content/uploads/2025/08/TEMPORIZADOR.jpg» background_size=»initial» background_repeat=»repeat» background_layout=»light» custom_margin=»0px|0px|0px|0px» custom_margin_tablet=»» custom_margin_phone=»» custom_margin_last_edited=»on|» global_colors_info=»{}»]&nbsp;<br />
[/et_pb_countdown_timer][/et_pb_column][et_pb_column type=»1_3&#8243; _builder_version=»3.25&#8243; custom_padding=»|||» global_colors_info=»{}» custom_padding__hover=»|||»][/et_pb_column][/et_pb_row][et_pb_row admin_label=»row» _builder_version=»4.10.4&#8243; background_color=»#eae5e5&#8243; background_size=»initial» background_position=»top_left» background_repeat=»repeat» global_colors_info=»{}»][et_pb_column type=»4_4&#8243; _builder_version=»3.25&#8243; custom_padding=»|||» global_colors_info=»{}» custom_padding__hover=»|||»][et_pb_text admin_label=»Texto» _builder_version=»4.10.4&#8243; text_text_color=»#666666&#8243; background_size=»initial» background_position=»top_left» background_repeat=»repeat» hover_enabled=»0&#8243; use_border_color=»off» border_color=»#ffffff» border_style=»solid» global_colors_info=»{}» sticky_enabled=»0&#8243;]</p>
<h1>BASES Y REGLAMENTO</h1>
<h2>INTRODUCCIÓN</h2>
<p>El FESTIVAL DE CINE INDEPENDIENTE DE CLAYPOLE (FECIC) es organizado por el Grupo de Cine del Espacio de Debate &amp; Cultura LA CASA. En su decimoprimera edición el festival incluirá en competencia únicamente cortometrajes con una duración máxima de 20 minutos, en las modalidades CORTOMETRAJE DOCUMENTAL y CORTOMETRAJE DE FICCIÓN. Además en la XI Edición se incluirá la categoría CORTOMETRAJE DE ANIMACIÓN INFANTIL.</p>
<h2> </h2>
<h2>PARTICIPACIÓN</h2>
<p>Podrán participar de la competencia oficial del festival, cortometrajes de Ficción y Documentales, en cualquier formato de filmación, finalizados después de diciembre de 2021, con temática libre y realizados en cualquier país latinoamericano, en idioma original español o bien doblados o subtitulados.<br />Los filmes deberán ser inscriptos en el festival indefectiblemente hasta el 19 de octubre de 2025 y solamente serán aceptados aquellos trabajos presentados conforme este reglamento, con ficha de inscripción completa, incluyendo obligatoriamente el link del material en YouTube o Vimeo.<br />No será aceptado ningún material enviado por otro medio (correo postal, correo electrónico, entrega personal, etc.).</p>
<h2> </h2>
<h2>SELECCIÓN</h2>
<p>Una vez cerrada la inscripción se iniciará la etapa previa de selección por el jurado. Si un cortometraje resulta seleccionado se notificará inmediatamente al responsable de la inscripción para que pueda ser representado durante su exhibición. Una vez inscripta y seleccionada, la película no podrá ser retirada de la programación del Festival.<br />Los cortometrajes seleccionados deberán enviar al momento de su notificación un link con el film para descarga en wetransfer o dropbox, para su proyección el día de la exhibición.<br />Además se deberá enviar por correo electrónico la ficha técnica completa, link del tráiler en youtube o vimeo (en caso de que lo tuviese), 3 fotografías de la película o frames de 300px x 170 px, afiche (en caso de que lo tuviese) en archivo de imagen (jpg o png). Este material será cedido al organizador para ser utilizado en catálogos, comunicaciones de prensa, redes sociales y cualquier otra difusión referida a este festival o sus futuras ediciones.</p>
<h2> </h2>
<h2>PROYECCIÓN Y PREMIACIÓN</h2>
<p>Las proyecciones, definición de los filmes premiados y entrega de premios serán realizadas de acuerdo al siguiente cronograma</p>
<p>SÁBADO 6 DE DICIEMBRE DE 2025<br />Proyección de las Secciones Ficción y Documental<br />Colecta del voto del público<br class="" />Entrega de Premios</p>
<p>Al finalizar las proyecciones, y una vez reunido el jurado y consensuada la resolución, se realizarán las premiaciones correspondientes.<br />Se otorgarán los siguientes premios, que una vez designadas tendrán carácter inapelable:</p>
<p>MEJOR CORTOMETRAJE DOCUMENTAL</p>
<p>MEJOR CORTOMETRAJE DE FICCIÓN</p>
<p>MEJOR CORTOMETRAJE DE ANIMACIÓN INFANTIL</p>
<p>PREMIO DEL PÚBLICO AL MEJOR CORTOMETRAJE</p>
<p>PREMIO DEL PÚBLICO AL MEJOR CORTOMETRAJE DE ANIMACIÓN INFANTIL</p>
<h2> </h2>
<h2>ITINERANCIAS</h2>
<p>7, 8 y 9 de diciembre de 2024 en espacios públicos a definir.</p>
<p>&nbsp;</p>
<h2>AGENDA</h2>
<p>Inscripciones hasta: 19 de octubre de 2025</p>
<p>Seleccionados: 10 de noviembre de 2025</p>
<p>Proyecciones, definición de los filmes premiados y entrega de premios: 6 de diciembre de 2025</p>
<p>Itinerancias: 7, 8 y 9 de diciembre de 2025</p>
<h2> </h2>
<h2>CLÁUSULA FINAL</h2>
<p>En ningún caso el organizador se hará cargo de gastos de envío, transporte, alojamiento o viático de cualquier naturaleza referentes al material o a los participantes.<br />La participación en el Festival implica la aceptación de las bases y reglamento del concurso. La Organización del FECIC resolverá todo asunto no contemplado en el presente documento.</p>
<h2> </h2>
<h2>CONTACTO</h2>
<p>Espacio de Debate &amp; Cultura LA CASA<br />Collet 1021, Claypole<br />www.lacasaclaypole.org.ar/fecic<br />fecic@lacasaclaypole.org.ar<br />Formulario de Inscripción:<span style="text-decoration: underline; color: #808080;"> <strong><a style="color: #808080; text-decoration: underline;" href="https://www.lacasaclaypole.org.ar/fecic/formulario-de-inscripcion/">HACER CLICK AQUÍ</a></strong></span></p>
<p>[/et_pb_text][/et_pb_column][/et_pb_row][/et_pb_section]</p>

<p>&nbsp; BASES Y REGLAMENTO INTRODUCCIÓN El FESTIVAL DE CINE INDEPENDIENTE DE CLAYPOLE (FECIC) es organizado por el Grupo de Cine del Espacio de Debate &amp; Cultura LA CASA. En su decimoprimera edición el festival incluirá en competencia únicamente cortometrajes con una duración máxima de 20 minutos, en las modalidades CORTOMETRAJE DOCUMENTAL y CORTOMETRAJE DE FICCIÓN. [&hellip;]</p>
