{"id":37,"date":"2016-07-26T15:02:46","date_gmt":"2016-07-26T15:02:46","guid":{"rendered":"http:\/\/www.hecultura.com\/fecic\/?page_id=37"},"modified":"2025-11-11T00:36:54","modified_gmt":"2025-11-11T00:36:54","slug":"inicio","status":"publish","type":"page","link":"https:\/\/www.lacasaclaypole.org.ar\/fecic\/","title":{"rendered":"Inicio"},"content":{"rendered":"<p>[et_pb_section fb_built=\u00bb1&#8243; admin_label=\u00bbsection\u00bb _builder_version=\u00bb4.10.4&#8243; background_image=\u00bbhttps:\/\/www.lacasaclaypole.org.ar\/fecic\/wp-content\/uploads\/2025\/08\/banner-inicio-ok-2-1920.jpg\u00bb width=\u00bb100%\u00bb max_width=\u00bb100%\u00bb min_height=\u00bb333px\u00bb max_height=\u00bb1000px\u00bb global_colors_info=\u00bb{}\u00bb][\/et_pb_section][et_pb_section fb_built=\u00bb1&#8243; admin_label=\u00bbsection\u00bb _builder_version=\u00bb4.10.4&#8243; background_color=\u00bb#eae5e5&#8243; custom_padding=\u00bb15px|||||\u00bb global_colors_info=\u00bb{}\u00bb][et_pb_row column_structure=\u00bb1_3,1_3,1_3&#8243; admin_label=\u00bbrow\u00bb _builder_version=\u00bb4.10.4&#8243; background_size=\u00bbinitial\u00bb background_position=\u00bbtop_left\u00bb background_repeat=\u00bbrepeat\u00bb min_height=\u00bb380px\u00bb global_colors_info=\u00bb{}\u00bb][et_pb_column type=\u00bb1_3&#8243; _builder_version=\u00bb3.25&#8243; custom_padding=\u00bb|||\u00bb global_colors_info=\u00bb{}\u00bb custom_padding__hover=\u00bb|||\u00bb][et_pb_text _builder_version=\u00bb4.10.4&#8243; _module_preset=\u00bbdefault\u00bb global_colors_info=\u00bb{}\u00bb]<\/p>\n<h1 style=\"text-align: center;\">\u00a0<\/h1>\n<p>[\/et_pb_text][et_pb_text _builder_version=\u00bb4.10.4&#8243; _module_preset=\u00bbdefault\u00bb text_text_color=\u00bb#666666&#8243; global_colors_info=\u00bb{}\u00bb]<\/p>\n<h4 style=\"text-align: center;\">AGENDA<\/h4>\n<p style=\"text-align: center;\">Cierre de la convocatoria: 12 de octubre del 2025<\/p>\n<p style=\"text-align: center;\">Definici\u00f3n de los filmes seleccionados: 10 de noviembre de 2025<\/p>\n<p style=\"text-align: center;\">Proyecciones, definici\u00f3n de los filmes premiados y entrega de premios de la <strong>XI Edici\u00f3n del FECIC<\/strong>: 6 de diciembre de 2025<\/p>\n<p>[\/et_pb_text][\/et_pb_column][et_pb_column type=\u00bb1_3&#8243; _builder_version=\u00bb3.25&#8243; custom_padding=\u00bb|||\u00bb global_colors_info=\u00bb{}\u00bb custom_padding__hover=\u00bb|||\u00bb][et_pb_text _builder_version=\u00bb4.10.4&#8243; _module_preset=\u00bbdefault\u00bb text_font=\u00bbBig Shoulders Display||||||||\u00bb text_font_size=\u00bb40px\u00bb text_text_shadow_style=\u00bbpreset1&#8243; global_colors_info=\u00bb{}\u00bb]<\/p>\n<h1 style=\"text-align: center;\"><strong>FECIC XI EDICI\u00d3N<\/strong><\/h1>\n<p>[\/et_pb_text][et_pb_text _builder_version=\u00bb4.10.4&#8243; _module_preset=\u00bbdefault\u00bb text_text_color=\u00bb#666666&#8243; hover_enabled=\u00bb0&#8243; global_colors_info=\u00bb{}\u00bb sticky_enabled=\u00bb0&#8243;]<\/p>\n<h4 style=\"text-align: center;\">CATEGOR\u00cdAS<\/h4>\n<p style=\"text-align: center;\">Cortometraje de Ficci\u00f3n hasta 20&#8242;<\/p>\n<p style=\"text-align: center;\">Cortometraje de Animaci\u00f3n Infantil hasta 20&#8242;<\/p>\n<p style=\"text-align: center;\">Cortometraje Documental hasta 20&#8242;<\/p>\n<p>&nbsp;<\/p>\n<p>[\/et_pb_text][\/et_pb_column][et_pb_column type=\u00bb1_3&#8243; _builder_version=\u00bb3.25&#8243; custom_padding=\u00bb|||\u00bb global_colors_info=\u00bb{}\u00bb custom_padding__hover=\u00bb|||\u00bb][et_pb_text _builder_version=\u00bb4.10.4&#8243; _module_preset=\u00bbdefault\u00bb global_colors_info=\u00bb{}\u00bb]<\/p>\n<h1 style=\"text-align: center;\">\u00a0<\/h1>\n<p>[\/et_pb_text][et_pb_text _builder_version=\u00bb4.10.4&#8243; _module_preset=\u00bbdefault\u00bb text_text_color=\u00bb#666666&#8243; global_colors_info=\u00bb{}\u00bb]<\/p>\n<h4 style=\"text-align: center;\">CONTACTO<\/h4>\n<p style=\"text-align: center;\">Espacio de Debate y Cultura LA CASA<\/p>\n<p style=\"text-align: center;\">Collet 1021, Claypole<\/p>\n<p style=\"text-align: center;\">www.lacasaclaypole.org.ar\/fecic<\/p>\n<p style=\"text-align: center;\">fecic@lacasaclaypole.org.ar<\/p>\n<p>[\/et_pb_text][\/et_pb_column][\/et_pb_row][\/et_pb_section]<\/p>\n","protected":false},"excerpt":{"rendered":"<p>\u00a0AGENDA Cierre de la convocatoria: 12 de octubre del 2025 Definici\u00f3n de los filmes seleccionados: 10 de noviembre de 2025 Proyecciones, definici\u00f3n de los filmes premiados y entrega de premios de la XI Edici\u00f3n del FECIC: 6 de diciembre de 2025FECIC XI EDICI\u00d3NCATEGOR\u00cdAS Cortometraje de Ficci\u00f3n hasta 20&#8242; Cortometraje de Animaci\u00f3n Infantil hasta 20&#8242; Cortometraje [&hellip;]<\/p>\n","protected":false},"author":1,"featured_media":0,"parent":0,"menu_order":0,"comment_status":"closed","ping_status":"closed","template":"","meta":{"_et_pb_use_builder":"on","_et_pb_old_content":"","_et_gb_content_width":""},"_links":{"self":[{"href":"https:\/\/www.lacasaclaypole.org.ar\/fecic\/wp-json\/wp\/v2\/pages\/37"}],"collection":[{"href":"https:\/\/www.lacasaclaypole.org.ar\/fecic\/wp-json\/wp\/v2\/pages"}],"about":[{"href":"https:\/\/www.lacasaclaypole.org.ar\/fecic\/wp-json\/wp\/v2\/types\/page"}],"author":[{"embeddable":true,"href":"https:\/\/www.lacasaclaypole.org.ar\/fecic\/wp-json\/wp\/v2\/users\/1"}],"replies":[{"embeddable":true,"href":"https:\/\/www.lacasaclaypole.org.ar\/fecic\/wp-json\/wp\/v2\/comments?post=37"}],"version-history":[{"count":212,"href":"https:\/\/www.lacasaclaypole.org.ar\/fecic\/wp-json\/wp\/v2\/pages\/37\/revisions"}],"predecessor-version":[{"id":1994,"href":"https:\/\/www.lacasaclaypole.org.ar\/fecic\/wp-json\/wp\/v2\/pages\/37\/revisions\/1994"}],"wp:attachment":[{"href":"https:\/\/www.lacasaclaypole.org.ar\/fecic\/wp-json\/wp\/v2\/media?parent=37"}],"curies":[{"name":"wp","href":"https:\/\/api.w.org\/{rel}","templated":true}]}}

<p>[et_pb_section fb_built=»1&#8243; admin_label=»section» _builder_version=»4.10.4&#8243; background_image=»https://www.lacasaclaypole.org.ar/fecic/wp-content/uploads/2025/08/banner-inicio-ok-2-1920.jpg» width=»100%» max_width=»100%» min_height=»333px» max_height=»1000px» global_colors_info=»{}»][/et_pb_section][et_pb_section fb_built=»1&#8243; admin_label=»section» _builder_version=»4.10.4&#8243; background_color=»#eae5e5&#8243; custom_padding=»15px|||||» global_colors_info=»{}»][et_pb_row column_structure=»1_3,1_3,1_3&#8243; admin_label=»row» _builder_version=»4.10.4&#8243; background_size=»initial» background_position=»top_left» background_repeat=»repeat» min_height=»380px» global_colors_info=»{}»][et_pb_column type=»1_3&#8243; _builder_version=»3.25&#8243; custom_padding=»|||» global_colors_info=»{}» custom_padding__hover=»|||»][et_pb_text _builder_version=»4.10.4&#8243; _module_preset=»default» global_colors_info=»{}»]</p>
<h1 style="text-align: center;"> </h1>
<p>[/et_pb_text][et_pb_text _builder_version=»4.10.4&#8243; _module_preset=»default» text_text_color=»#666666&#8243; global_colors_info=»{}»]</p>
<h4 style="text-align: center;">AGENDA</h4>
<p style="text-align: center;">Cierre de la convocatoria: 12 de octubre del 2025</p>
<p style="text-align: center;">Definición de los filmes seleccionados: 10 de noviembre de 2025</p>
<p style="text-align: center;">Proyecciones, definición de los filmes premiados y entrega de premios de la <strong>XI Edición del FECIC</strong>: 6 de diciembre de 2025</p>
<p>[/et_pb_text][/et_pb_column][et_pb_column type=»1_3&#8243; _builder_version=»3.25&#8243; custom_padding=»|||» global_colors_info=»{}» custom_padding__hover=»|||»][et_pb_text _builder_version=»4.10.4&#8243; _module_preset=»default» text_font=»Big Shoulders Display||||||||» text_font_size=»40px» text_text_shadow_style=»preset1&#8243; global_colors_info=»{}»]</p>
<h1 style="text-align: center;"><strong>FECIC XI EDICIÓN</strong></h1>
<p>[/et_pb_text][et_pb_text _builder_version=»4.10.4&#8243; _module_preset=»default» text_text_color=»#666666&#8243; hover_enabled=»0&#8243; global_colors_info=»{}» sticky_enabled=»0&#8243;]</p>
<h4 style="text-align: center;">CATEGORÍAS</h4>
<p style="text-align: center;">Cortometraje de Ficción hasta 20&#8242;</p>
<p style="text-align: center;">Cortometraje de Animación Infantil hasta 20&#8242;</p>
<p style="text-align: center;">Cortometraje Documental hasta 20&#8242;</p>
<p>&nbsp;</p>
<p>[/et_pb_text][/et_pb_column][et_pb_column type=»1_3&#8243; _builder_version=»3.25&#8243; custom_padding=»|||» global_colors_info=»{}» custom_padding__hover=»|||»][et_pb_text _builder_version=»4.10.4&#8243; _module_preset=»default» global_colors_info=»{}»]</p>
<h1 style="text-align: center;"> </h1>
<p>[/et_pb_text][et_pb_text _builder_version=»4.10.4&#8243; _module_preset=»default» text_text_color=»#666666&#8243; global_colors_info=»{}»]</p>
<h4 style="text-align: center;">CONTACTO</h4>
<p style="text-align: center;">Espacio de Debate y Cultura LA CASA</p>
<p style="text-align: center;">Collet 1021, Claypole</p>
<p style="text-align: center;">www.lacasaclaypole.org.ar/fecic</p>
<p style="text-align: center;">fecic@lacasaclaypole.org.ar</p>
<p>[/et_pb_text][/et_pb_column][/et_pb_row][/et_pb_section]</p>

<p> AGENDA Cierre de la convocatoria: 12 de octubre del 2025 Definición de los filmes seleccionados: 10 de noviembre de 2025 Proyecciones, definición de los filmes premiados y entrega de premios de la XI Edición del FECIC: 6 de diciembre de 2025FECIC XI EDICIÓNCATEGORÍAS Cortometraje de Ficción hasta 20&#8242; Cortometraje de Animación Infantil hasta 20&#8242; Cortometraje [&hellip;]</p>
